{"id":25054,"date":"2026-01-22T13:03:45","date_gmt":"2026-01-22T12:03:45","guid":{"rendered":"https:\/\/www.melli4dogs.com\/shop\/?post_type=product&#038;p=25054"},"modified":"2026-01-31T23:35:22","modified_gmt":"2026-01-31T22:35:22","slug":"futtertube-beutel-im-set","status":"publish","type":"product","link":"https:\/\/www.melli4dogs.com\/shop\/produkt\/futtertube-beutel-im-set\/","title":{"rendered":"Futtertube &#038; Beutel im Set"},"content":{"rendered":"\t\t<div data-elementor-type=\"product-post\" data-elementor-id=\"25054\" class=\"elementor elementor-25054\" data-elementor-post-type=\"product\">\n\t\t\t\t\t\t<section class=\"elementor-section elementor-top-section elementor-element elementor-element-f74f5bf elementor-section-boxed elementor-section-height-default elementor-section-height-default\" data-id=\"f74f5bf\" data-element_type=\"section\" data-e-type=\"section\">\n\t\t\t\t\t\t<div class=\"elementor-container elementor-column-gap-default\">\n\t\t\t\t\t<div class=\"elementor-column elementor-col-50 elementor-top-column elementor-element elementor-element-a2226e2\" data-id=\"a2226e2\" data-element_type=\"column\" data-e-type=\"column\">\n\t\t\t<div class=\"elementor-widget-wrap elementor-element-populated\">\n\t\t\t\t\t\t<div class=\"elementor-element elementor-element-c20e591 elementor-widget elementor-widget-text-editor\" data-id=\"c20e591\" data-element_type=\"widget\" data-e-type=\"widget\" data-widget_type=\"text-editor.default\">\n\t\t\t\t<div class=\"elementor-widget-container\">\n\t\t\t\t\t\t\t\t\t<p data-start=\"1247\" data-end=\"1300\">Meine<strong data-start=\"1247\" data-end=\"1298\">\u00a0Herzens-Entwicklung: <br \/>Diese Futtertube\u00a0\ud83e\ude75<\/strong><\/p><p data-start=\"1302\" data-end=\"1520\">Mein gro\u00dfer Wunsch ist Realit\u00e4t geworden \u2013 nach vielen Jahren Erfahrung, Tests und Gespr\u00e4chen mit euch ist eine Schlecktube entstanden, die nicht nur praktisch ist, sondern auch das Beste f\u00fcr unsere Hunde herausholt.<\/p><p data-start=\"1522\" data-end=\"1993\">\ud83d\udc3e <strong>Hundefreundlicher Schleckaufsatz<\/strong> \u2013 f\u00fcr langes, entspanntes Schlecken<br \/><br data-start=\"1593\" data-end=\"1596\" \/>\ud83e\udd5b <b>Gro\u00dfes F\u00fcllvolumen<\/b> \u2013 370 ml, auch perfekt f\u00fcr gro\u00dfe Hunde<br \/><br data-start=\"1656\" data-end=\"1659\" \/>\ud83e\udde2 <strong>Abnehmbarer Deckel<\/strong> \u2013 h\u00e4ngt nicht im Gesicht und macht das Bef\u00fcllen einfach<br \/><br data-start=\"1736\" data-end=\"1739\" \/>\u270b Ergonomische Form \u2013 liegt angenehm in der Hand<br \/><br data-start=\"1787\" data-end=\"1790\" \/>\ud83d\udee1\ufe0f <strong>Robust &amp; sicher<\/strong> \u2013 lebensmittelechtes Silikon, BPA-frei, keine Kleinteile, die brechen oder verschluckt werden k\u00f6nnen<br \/><br data-start=\"1910\" data-end=\"1913\" \/>\ud83e\uddfc <strong>Leicht bef\u00fcllbar &amp; leicht abwaschbar<\/strong> \u2013 f\u00fcr maximale Hygiene und Komfort<\/p><p data-start=\"1995\" data-end=\"2132\">Diese Schlecktube ist aus Liebe zu unseren Vierbeinern entwickelt worden \u2013 und ich bin so stolz, sie endlich mit euch teilen zu d\u00fcrfen.<\/p>\t\t\t\t\t\t\t\t<\/div>\n\t\t\t\t<\/div>\n\t\t\t\t<div class=\"elementor-element elementor-element-ab413ee elementor-widget elementor-widget-text-editor\" data-id=\"ab413ee\" data-element_type=\"widget\" data-e-type=\"widget\" data-widget_type=\"text-editor.default\">\n\t\t\t\t<div class=\"elementor-widget-container\">\n\t\t\t\t\t\t\t\t\t<p>Schau dir <strong><span style=\"text-decoration: underline;\"><a href=\"https:\/\/youtu.be\/nza5h26cUjU?si=sRAoEv1d4IHcwmyK\" target=\"_blank\" rel=\"noopener\">mein Video<\/a><\/span><\/strong> mit allen Infos zur Tube und unserem ersten Gebrauch an.<\/p>\t\t\t\t\t\t\t\t<\/div>\n\t\t\t\t<\/div>\n\t\t\t\t<div class=\"elementor-element elementor-element-5820eef elementor-widget elementor-widget-video\" data-id=\"5820eef\" data-element_type=\"widget\" data-e-type=\"widget\" data-settings=\"{&quot;youtube_url&quot;:&quot;https:\\\/\\\/youtu.be\\\/nza5h26cUjU?si=a9YYGFnY65BWcSeG&quot;,&quot;video_type&quot;:&quot;youtube&quot;,&quot;controls&quot;:&quot;yes&quot;}\" data-widget_type=\"video.default\">\n\t\t\t\t<div class=\"elementor-widget-container\">\n\t\t\t\t\t\t\t<div class=\"elementor-wrapper elementor-open-inline\">\n\t\t\t<div class=\"elementor-video\"><\/div>\t\t<\/div>\n\t\t\t\t\t\t<\/div>\n\t\t\t\t<\/div>\n\t\t\t\t<div class=\"elementor-element elementor-element-e5165bb elementor-widget elementor-widget-text-editor\" data-id=\"e5165bb\" data-element_type=\"widget\" data-e-type=\"widget\" data-widget_type=\"text-editor.default\">\n\t\t\t\t<div class=\"elementor-widget-container\">\n\t\t\t\t\t\t\t\t\t<p><span style=\"font-family: 'Open Sans', sans-serif; font-size: 16px; font-style: normal; font-variant-ligatures: normal; font-variant-caps: normal; font-weight: 600;\">\ud83d\udccf Ma\u00dfe &amp; Gewicht:<\/span><br \/><br \/>F\u00fcllvolumen: 370ml<br \/><br \/>Ma\u00dfe: Durchmesser ca 7,5cm, H\u00f6he 16cm<br \/><br \/>Gewicht 160g<\/p><p>Lebensmittelechtes SIlikon, BPA freier Kunststoff<\/p>\t\t\t\t\t\t\t\t<\/div>\n\t\t\t\t<\/div>\n\t\t\t\t\t<\/div>\n\t\t<\/div>\n\t\t\t\t<div class=\"elementor-column elementor-col-50 elementor-top-column elementor-element elementor-element-c0ed9ce\" data-id=\"c0ed9ce\" data-element_type=\"column\" data-e-type=\"column\">\n\t\t\t<div class=\"elementor-widget-wrap elementor-element-populated\">\n\t\t\t\t\t\t<div class=\"elementor-element elementor-element-434259e elementor-widget elementor-widget-text-editor\" data-id=\"434259e\" data-element_type=\"widget\" data-e-type=\"widget\" data-widget_type=\"text-editor.default\">\n\t\t\t\t<div class=\"elementor-widget-container\">\n\t\t\t\t\t\t\t\t\t<p>Der neue <b>Melli4Dogs Futterbeutel<\/b> passend zur neuen Futtertube:<\/p><ul data-start=\"558\" data-end=\"768\"><li data-start=\"558\" data-end=\"630\"><p data-start=\"560\" data-end=\"630\">\ud83e\udeb6\u00a0<strong data-start=\"563\" data-end=\"583\">Leicht &amp; robust:<\/strong>\u00a0Ideal f\u00fcr unterwegs und extra leicht f\u00fcrs Training<\/p><\/li><li data-start=\"631\" data-end=\"694\"><p data-start=\"633\" data-end=\"694\">\ud83c\udfaf\u00a0<strong data-start=\"636\" data-end=\"658\">Trainingstauglich:<\/strong>\u00a0Alles schnell griffbereit und sicher verstaut<\/p><\/li><li data-start=\"695\" data-end=\"768\"><p data-start=\"697\" data-end=\"768\">\ud83c\udf92\u00a0<strong data-start=\"700\" data-end=\"720\">Alltagstauglich:<\/strong>\u00a0Kompakt, pflegeleicht und immer einsatzbereit (G\u00fcrtel inklusive)<\/p><p style=\"font-variant-ligatures: normal; font-variant-caps: normal; font-family: 'Open Sans', sans-serif; font-size: 16px; font-style: normal; font-weight: 400;\" data-start=\"170\" data-end=\"286\">Unser\u00a0<span style=\"font-size: 16px; font-weight: 600;\">neuer Futterbeutel,<\/span>\u00a0aus abwaschbarer\u00a0<span style=\"font-size: 16px; font-weight: 600;\" data-start=\"240\" data-end=\"253\">LKW-Plane,<\/span>\u00a0ist der kleine Bruder der beliebten Melli4Dogs Futtertasche \u2013 perfekt als leichte Trainingstasche und praktischer Begleiter im Alltag.<\/p><p style=\"font-variant-ligatures: normal; font-variant-caps: normal; font-family: 'Open Sans', sans-serif; font-size: 16px; font-style: normal; font-weight: 400;\" data-start=\"288\" data-end=\"417\">\u2728\u00a0<span style=\"font-size: 16px; font-weight: 600;\" data-start=\"290\" data-end=\"351\">Schluss mit ranzigen Stofftaschen und Flecken auf der Kleidung!<\/span><br data-start=\"351\" data-end=\"354\" \/>Dank meines bew\u00e4hrten und langlebigen Material aus LKW-Plane bleibt alles sauber und hygienisch.<\/p><p style=\"font-variant-ligatures: normal; font-variant-caps: normal; font-family: 'Open Sans', sans-serif; font-size: 16px; font-style: normal; font-weight: 400;\" data-start=\"419\" data-end=\"438\"><span style=\"font-size: 16px; font-weight: 600;\" data-start=\"419\" data-end=\"436\">\u2705 Highlights:<\/span><\/p><ul style=\"font-variant-ligatures: normal; font-variant-caps: normal; font-family: 'Open Sans', sans-serif; font-size: 16px; font-style: normal; font-weight: 400;\" data-start=\"439\" data-end=\"983\"><li style=\"font-size: 16px;\" data-start=\"439\" data-end=\"523\"><p style=\"font-size: 16px;\" data-start=\"441\" data-end=\"523\">\ud83d\udcaa\u00a0<span style=\"font-size: 16px; font-weight: 600;\" data-start=\"444\" data-end=\"464\">Robust &amp; abwaschbar:<\/span>\u00a0Aus LKW-Plane gefertigt \u2013 abwaschbar und wetterfest<\/p><\/li><li style=\"font-size: 16px;\" data-start=\"524\" data-end=\"661\"><p style=\"font-size: 16px;\" data-start=\"526\" data-end=\"557\">\ud83c\udfaf\u00a0<span style=\"font-size: 16px; font-weight: 600;\" data-start=\"529\" data-end=\"555\">Praktische Aufteilung:<\/span><\/p><ul style=\"font-size: 16px;\" data-start=\"560\" data-end=\"661\"><li style=\"font-size: 16px;\" data-start=\"560\" data-end=\"615\"><p style=\"font-size: 16px;\" data-start=\"562\" data-end=\"615\">2 Innenf\u00e4cher f\u00fcr unterschiedliche Futterqualit\u00e4ten<\/p><\/li><li style=\"font-size: 16px;\" data-start=\"618\" data-end=\"661\"><p style=\"font-size: 16px;\" data-start=\"620\" data-end=\"661\">1 kleines Au\u00dfenfach mit Klettverschluss<\/p><\/li><\/ul><\/li><li style=\"font-size: 16px;\" data-start=\"662\" data-end=\"753\"><p style=\"font-size: 16px;\" data-start=\"664\" data-end=\"753\">\ud83d\udd11\u00a0<span style=\"font-size: 16px; font-weight: 600;\" data-start=\"667\" data-end=\"690\">Integrierter Haken:<\/span>\u00a0F\u00fcr Autoschl\u00fcssel, Pupst\u00fctenhalter oder andere kleine Helfer<\/p><\/li><li style=\"font-size: 16px;\" data-start=\"662\" data-end=\"753\">\ud83e\uddf2\u00a0<span style=\"font-size: 16px; font-weight: 600;\" data-start=\"747\" data-end=\"768\">2 starke Magnete:<\/span>\u00a0F\u00fcr optimales Handling und automatisches Schlie\u00dfen \u2013 kein nerviges Fummeln oder herausfallende Kekse mehr<\/li><li style=\"font-size: 16px;\" data-start=\"754\" data-end=\"833\"><p style=\"font-size: 16px;\" data-start=\"756\" data-end=\"833\">\ud83e\udea2\u00a0<span style=\"font-size: 16px; font-weight: 600;\" data-start=\"759\" data-end=\"786\">Neuer, dezenter G\u00fcrtel:<\/span>\u00a02,5 cm breit mit leichter Kunststoffschnalle<\/p><\/li><li style=\"font-size: 16px;\" data-start=\"834\" data-end=\"983\"><p style=\"font-size: 16px;\" data-start=\"836\" data-end=\"983\">\ud83c\udf92\u00a0<span style=\"font-size: 16px; font-weight: 600;\" data-start=\"839\" data-end=\"863\">Flexibel einsetzbar:<\/span>\u00a0Perfekt als Futterbeutel und passend f\u00fcr unsere\u00a0<span style=\"font-size: 16px; font-weight: 600;\" data-start=\"891\" data-end=\"906\">SCHLECKTUBE<\/span>\u00a0\u2013 auch kompatibel mit dem breiten G\u00fcrtel meiner ersten\u00a0<a style=\"font-size: 16px; transition-property: all;\" href=\"https:\/\/www.melli4dogs.com\/shop\/produkt\/die-futtertasche\/\">Melli4Dogs Futtertasche<\/a><\/p><\/li><\/ul><p style=\"font-variant-ligatures: normal; font-variant-caps: normal; font-family: 'Open Sans', sans-serif; font-size: 16px; font-style: normal; font-weight: 400;\" data-start=\"985\" data-end=\"1009\"><span style=\"font-family: 'Open Sans', sans-serif; font-size: 16px; font-style: normal; font-variant-ligatures: normal; font-variant-caps: normal; font-weight: 600;\">\ud83d\udccf Ma\u00dfe &amp; Gewicht:<\/span><\/p><ul style=\"font-variant-ligatures: normal; font-variant-caps: normal; font-family: 'Open Sans', sans-serif; font-size: 16px; font-style: normal; font-weight: 400;\" data-start=\"1010\" data-end=\"1109\"><li style=\"font-size: 16px;\" data-start=\"1010\" data-end=\"1031\"><p style=\"font-size: 16px;\" data-start=\"1012\" data-end=\"1031\">Breite: ca. 16 cm<\/p><\/li><li style=\"font-size: 16px;\" data-start=\"1032\" data-end=\"1051\"><p style=\"font-size: 16px;\" data-start=\"1034\" data-end=\"1051\">H\u00f6he: ca. 17 cm<\/p><\/li><li style=\"font-size: 16px;\" data-start=\"1052\" data-end=\"1071\"><p style=\"font-size: 16px;\" data-start=\"1054\" data-end=\"1071\">Tiefe: ca. 7 cm<\/p><\/li><li style=\"font-size: 16px;\" data-start=\"1072\" data-end=\"1109\"><p style=\"font-size: 16px;\" data-start=\"1074\" data-end=\"1109\">Gewicht (inkl. G\u00fcrtel): ca. 210 g<\/p><\/li><\/ul><\/li><\/ul>\t\t\t\t\t\t\t\t<\/div>\n\t\t\t\t<\/div>\n\t\t\t\t\t<\/div>\n\t\t<\/div>\n\t\t\t\t\t<\/div>\n\t\t<\/section>\n\t\t\t\t<section class=\"elementor-section elementor-top-section elementor-element elementor-element-2595c00 elementor-section-boxed elementor-section-height-default elementor-section-height-default\" data-id=\"2595c00\" data-element_type=\"section\" data-e-type=\"section\">\n\t\t\t\t\t\t<div class=\"elementor-container elementor-column-gap-default\">\n\t\t\t\t\t<div class=\"elementor-column elementor-col-100 elementor-top-column elementor-element elementor-element-6e5948c\" data-id=\"6e5948c\" data-element_type=\"column\" data-e-type=\"column\">\n\t\t\t<div class=\"elementor-widget-wrap elementor-element-populated\">\n\t\t\t\t\t\t<div class=\"elementor-element elementor-element-0db3df7 elementor-widget-divider--view-line elementor-widget elementor-widget-divider\" data-id=\"0db3df7\" data-element_type=\"widget\" data-e-type=\"widget\" data-widget_type=\"divider.default\">\n\t\t\t\t<div class=\"elementor-widget-container\">\n\t\t\t\t\t\t\t<div class=\"elementor-divider\">\n\t\t\t<span class=\"elementor-divider-separator\">\n\t\t\t\t\t\t<\/span>\n\t\t<\/div>\n\t\t\t\t\t\t<\/div>\n\t\t\t\t<\/div>\n\t\t\t\t\t<\/div>\n\t\t<\/div>\n\t\t\t\t\t<\/div>\n\t\t<\/section>\n\t\t\t\t<\/div>\n\t\t","protected":false},"excerpt":{"rendered":"<p>Dein neues Trainings-Set f\u00fcr jeden Tag.<br data-start=\"476\" data-end=\"479\" \/>Schlecktube und Futterbeutel im perfekten Duo.<br data-start=\"525\" data-end=\"528\" \/>Robust, durchdacht und vor allem hundefreundlich.<br \/>\n<br data-start=\"567\" data-end=\"570\" data-is-only-node=\"\" \/><strong>Jetzt kannst du beim Kauf meiner brandneuen Produkte im Set sparen.<\/strong><\/p>\n","protected":false},"featured_media":25190,"template":"","meta":{"ocean_post_layout":"","ocean_both_sidebars_style":"","ocean_both_sidebars_content_width":0,"ocean_both_sidebars_sidebars_width":0,"ocean_sidebar":"0","ocean_second_sidebar":"0","ocean_disable_margins":"enable","ocean_add_body_class":"","ocean_shortcode_before_top_bar":"","ocean_shortcode_after_top_bar":"","ocean_shortcode_before_header":"","ocean_shortcode_after_header":"","ocean_has_shortcode":"","ocean_shortcode_after_title":"","ocean_shortcode_before_footer_widgets":"","ocean_shortcode_after_footer_widgets":"","ocean_shortcode_before_footer_bottom":"","ocean_shortcode_after_footer_bottom":"","ocean_display_top_bar":"default","ocean_display_header":"default","ocean_header_style":"","ocean_center_header_left_menu":"0","ocean_custom_header_template":"0","ocean_custom_logo":0,"ocean_custom_retina_logo":0,"ocean_custom_logo_max_width":0,"ocean_custom_logo_tablet_max_width":0,"ocean_custom_logo_mobile_max_width":0,"ocean_custom_logo_max_height":0,"ocean_custom_logo_tablet_max_height":0,"ocean_custom_logo_mobile_max_height":0,"ocean_header_custom_menu":"0","ocean_menu_typo_font_family":"0","ocean_menu_typo_font_subset":"","ocean_menu_typo_font_size":0,"ocean_menu_typo_font_size_tablet":0,"ocean_menu_typo_font_size_mobile":0,"ocean_menu_typo_font_size_unit":"px","ocean_menu_typo_font_weight":"","ocean_menu_typo_font_weight_tablet":"","ocean_menu_typo_font_weight_mobile":"","ocean_menu_typo_transform":"","ocean_menu_typo_transform_tablet":"","ocean_menu_typo_transform_mobile":"","ocean_menu_typo_line_height":0,"ocean_menu_typo_line_height_tablet":0,"ocean_menu_typo_line_height_mobile":0,"ocean_menu_typo_line_height_unit":"","ocean_menu_typo_spacing":0,"ocean_menu_typo_spacing_tablet":0,"ocean_menu_typo_spacing_mobile":0,"ocean_menu_typo_spacing_unit":"","ocean_menu_link_color":"","ocean_menu_link_color_hover":"","ocean_menu_link_color_active":"","ocean_menu_link_background":"","ocean_menu_link_hover_background":"","ocean_menu_link_active_background":"","ocean_menu_social_links_bg":"","ocean_menu_social_hover_links_bg":"","ocean_menu_social_links_color":"","ocean_menu_social_hover_links_color":"","ocean_disable_title":"default","ocean_disable_heading":"default","ocean_post_title":"","ocean_post_subheading":"","ocean_post_title_style":"","ocean_post_title_background_color":"","ocean_post_title_background":0,"ocean_post_title_bg_image_position":"","ocean_post_title_bg_image_attachment":"","ocean_post_title_bg_image_repeat":"","ocean_post_title_bg_image_size":"","ocean_post_title_height":0,"ocean_post_title_bg_overlay":0.5,"ocean_post_title_bg_overlay_color":"","ocean_disable_breadcrumbs":"default","ocean_breadcrumbs_color":"","ocean_breadcrumbs_separator_color":"","ocean_breadcrumbs_links_color":"","ocean_breadcrumbs_links_hover_color":"","ocean_display_footer_widgets":"default","ocean_display_footer_bottom":"default","ocean_custom_footer_template":"0"},"product_brand":[],"product_cat":[16,21],"product_tag":[],"class_list":{"0":"post-25054","1":"product","2":"type-product","3":"status-publish","4":"has-post-thumbnail","6":"product_cat-melli4dogs-artikel","7":"product_cat-trainings-zubehoer","9":"entry","10":"has-media","12":"first","13":"instock","14":"sale","15":"taxable","16":"shipping-taxable","17":"purchasable","18":"product-type-simple","19":"has-product-nav","20":"col","21":"span_1_of_3","22":"owp-content-center","23":"owp-thumbs-layout-horizontal","24":"owp-btn-normal","25":"owp-tabs-layout-horizontal"},"jetpack_sharing_enabled":true,"_links":{"self":[{"href":"https:\/\/www.melli4dogs.com\/shop\/wp-json\/wp\/v2\/product\/25054","targetHints":{"allow":["GET"]}}],"collection":[{"href":"https:\/\/www.melli4dogs.com\/shop\/wp-json\/wp\/v2\/product"}],"about":[{"href":"https:\/\/www.melli4dogs.com\/shop\/wp-json\/wp\/v2\/types\/product"}],"version-history":[{"count":6,"href":"https:\/\/www.melli4dogs.com\/shop\/wp-json\/wp\/v2\/product\/25054\/revisions"}],"predecessor-version":[{"id":25077,"href":"https:\/\/www.melli4dogs.com\/shop\/wp-json\/wp\/v2\/product\/25054\/revisions\/25077"}],"wp:featuredmedia":[{"embeddable":true,"href":"https:\/\/www.melli4dogs.com\/shop\/wp-json\/wp\/v2\/media\/25190"}],"wp:attachment":[{"href":"https:\/\/www.melli4dogs.com\/shop\/wp-json\/wp\/v2\/media?parent=25054"}],"wp:term":[{"taxonomy":"product_brand","embeddable":true,"href":"https:\/\/www.melli4dogs.com\/shop\/wp-json\/wp\/v2\/product_brand?post=25054"},{"taxonomy":"product_cat","embeddable":true,"href":"https:\/\/www.melli4dogs.com\/shop\/wp-json\/wp\/v2\/product_cat?post=25054"},{"taxonomy":"product_tag","embeddable":true,"href":"https:\/\/www.melli4dogs.com\/shop\/wp-json\/wp\/v2\/product_tag?post=25054"}],"curies":[{"name":"wp","href":"https:\/\/api.w.org\/{rel}","templated":true}]}}