{"id":6602,"date":"2021-11-26T17:26:53","date_gmt":"2021-11-26T16:26:53","guid":{"rendered":"https:\/\/www.melli4dogs.com\/shop\/?post_type=product&#038;p=6602"},"modified":"2026-03-14T17:44:54","modified_gmt":"2026-03-14T16:44:54","slug":"dogger","status":"publish","type":"product","link":"https:\/\/www.melli4dogs.com\/shop\/produkt\/dogger\/","title":{"rendered":"DOGGER Handschuhe"},"content":{"rendered":"\t\t<div data-elementor-type=\"product-post\" data-elementor-id=\"6602\" class=\"elementor elementor-6602\" data-elementor-post-type=\"product\">\n\t\t\t\t\t\t<section class=\"elementor-section elementor-top-section elementor-element elementor-element-0da32d1 elementor-section-boxed elementor-section-height-default elementor-section-height-default\" data-id=\"0da32d1\" data-element_type=\"section\" data-e-type=\"section\">\n\t\t\t\t\t\t<div class=\"elementor-container elementor-column-gap-default\">\n\t\t\t\t\t<div class=\"elementor-column elementor-col-100 elementor-top-column elementor-element elementor-element-70bfa7a\" data-id=\"70bfa7a\" data-element_type=\"column\" data-e-type=\"column\">\n\t\t\t<div class=\"elementor-widget-wrap elementor-element-populated\">\n\t\t\t\t\t\t<div class=\"elementor-element elementor-element-989ae51 elementor-widget elementor-widget-heading\" data-id=\"989ae51\" data-element_type=\"widget\" data-e-type=\"widget\" data-widget_type=\"heading.default\">\n\t\t\t\t<div class=\"elementor-widget-container\">\n\t\t\t\t\t<h5 class=\"elementor-heading-title elementor-size-large\">Die perfekten Handschuhe -nicht nur f\u00fcr Hundehalter!<\/h5>\t\t\t\t<\/div>\n\t\t\t\t<\/div>\n\t\t\t\t<div class=\"elementor-element elementor-element-7e2fc64 elementor-widget elementor-widget-heading\" data-id=\"7e2fc64\" data-element_type=\"widget\" data-e-type=\"widget\" data-widget_type=\"heading.default\">\n\t\t\t\t<div class=\"elementor-widget-container\">\n\t\t\t\t\t<h2 class=\"elementor-heading-title elementor-size-default\">Endlich sind sie da!\nDie perfekten Hundehalter Handschuhe!\n\nSeit vielen Jahren liebe ich diese Handschuhe! Jetzt gibt es sie exclusiv nur f\u00fcr dich in meinem Shop!\ud83e\udd73<\/h2>\t\t\t\t<\/div>\n\t\t\t\t<\/div>\n\t\t\t\t\t<\/div>\n\t\t<\/div>\n\t\t\t\t\t<\/div>\n\t\t<\/section>\n\t\t\t\t<section class=\"elementor-section elementor-top-section elementor-element elementor-element-833ced4 elementor-section-boxed elementor-section-height-default elementor-section-height-default\" data-id=\"833ced4\" data-element_type=\"section\" data-e-type=\"section\">\n\t\t\t\t\t\t<div class=\"elementor-container elementor-column-gap-default\">\n\t\t\t\t\t<div class=\"elementor-column elementor-col-50 elementor-top-column elementor-element elementor-element-6a1871d\" data-id=\"6a1871d\" data-element_type=\"column\" data-e-type=\"column\">\n\t\t\t<div class=\"elementor-widget-wrap elementor-element-populated\">\n\t\t\t\t\t\t<div class=\"elementor-element elementor-element-0b332ba elementor-widget elementor-widget-video\" data-id=\"0b332ba\" data-element_type=\"widget\" data-e-type=\"widget\" data-settings=\"{&quot;youtube_url&quot;:&quot;https:\\\/\\\/youtu.be\\\/BwxlcEr1NKU&quot;,&quot;video_type&quot;:&quot;youtube&quot;,&quot;controls&quot;:&quot;yes&quot;}\" data-widget_type=\"video.default\">\n\t\t\t\t<div class=\"elementor-widget-container\">\n\t\t\t\t\t\t\t<div class=\"elementor-wrapper elementor-open-inline\">\n\t\t\t<div class=\"elementor-video\"><\/div>\t\t<\/div>\n\t\t\t\t\t\t<\/div>\n\t\t\t\t<\/div>\n\t\t\t\t\t<\/div>\n\t\t<\/div>\n\t\t\t\t<div class=\"elementor-column elementor-col-50 elementor-top-column elementor-element elementor-element-431e40e\" data-id=\"431e40e\" data-element_type=\"column\" data-e-type=\"column\">\n\t\t\t<div class=\"elementor-widget-wrap elementor-element-populated\">\n\t\t\t\t\t\t<div class=\"elementor-element elementor-element-e074fee elementor-widget elementor-widget-text-editor\" data-id=\"e074fee\" data-element_type=\"widget\" data-e-type=\"widget\" data-widget_type=\"text-editor.default\">\n\t\t\t\t<div class=\"elementor-widget-container\">\n\t\t\t\t\t\t\t\t\t<p>DIE perfekten Hundehalter Handschuhe! Die Schweizer haben es drauf mit der Qualit\u00e4t, denn ich besitze meine nun seit gut 10 Jahren\u00a0 und ja, sie sind inzwischen alt aber noch immer top vom Material! Nach vielen Jahren, in denen ich alles m\u00f6gliche an Handschuhen f\u00fcr\u00b4s Hundetraining ausprobiert hatte, m\u00f6chte ich meine Dogger Handschuhe nicht mehr missen! Ganz gleich ob beim Radfahren, Scootern oder einfach nur zum Spazieren gehen, diese Handschuhe sind der perfekte Begleiter auf deinen Touren!<\/p>\t\t\t\t\t\t\t\t<\/div>\n\t\t\t\t<\/div>\n\t\t\t\t\t<\/div>\n\t\t<\/div>\n\t\t\t\t\t<\/div>\n\t\t<\/section>\n\t\t\t\t<section class=\"elementor-section elementor-top-section elementor-element elementor-element-bdb8200 elementor-section-boxed elementor-section-height-default elementor-section-height-default\" data-id=\"bdb8200\" data-element_type=\"section\" data-e-type=\"section\">\n\t\t\t\t\t\t<div class=\"elementor-container elementor-column-gap-default\">\n\t\t\t\t\t<div class=\"elementor-column elementor-col-100 elementor-top-column elementor-element elementor-element-c4cbf23\" data-id=\"c4cbf23\" data-element_type=\"column\" data-e-type=\"column\">\n\t\t\t<div class=\"elementor-widget-wrap elementor-element-populated\">\n\t\t\t\t\t\t<div class=\"elementor-element elementor-element-f6ef679 elementor-widget-divider--view-line elementor-widget elementor-widget-divider\" data-id=\"f6ef679\" data-element_type=\"widget\" data-e-type=\"widget\" data-widget_type=\"divider.default\">\n\t\t\t\t<div class=\"elementor-widget-container\">\n\t\t\t\t\t\t\t<div class=\"elementor-divider\">\n\t\t\t<span class=\"elementor-divider-separator\">\n\t\t\t\t\t\t<\/span>\n\t\t<\/div>\n\t\t\t\t\t\t<\/div>\n\t\t\t\t<\/div>\n\t\t\t\t\t<\/div>\n\t\t<\/div>\n\t\t\t\t\t<\/div>\n\t\t<\/section>\n\t\t\t\t<section class=\"elementor-section elementor-top-section elementor-element elementor-element-69a0341 elementor-section-boxed elementor-section-height-default elementor-section-height-default\" data-id=\"69a0341\" data-element_type=\"section\" data-e-type=\"section\">\n\t\t\t\t\t\t<div class=\"elementor-container elementor-column-gap-default\">\n\t\t\t\t\t<div class=\"elementor-column elementor-col-50 elementor-top-column elementor-element elementor-element-c688f80\" data-id=\"c688f80\" data-element_type=\"column\" data-e-type=\"column\">\n\t\t\t<div class=\"elementor-widget-wrap elementor-element-populated\">\n\t\t\t\t\t\t<div class=\"elementor-element elementor-element-9220652 elementor-widget elementor-widget-text-editor\" data-id=\"9220652\" data-element_type=\"widget\" data-e-type=\"widget\" data-widget_type=\"text-editor.default\">\n\t\t\t\t<div class=\"elementor-widget-container\">\n\t\t\t\t\t\t\t\t\t<p><img decoding=\"async\" class=\"icon\" src=\"https:\/\/www.dogger.ch\/cdn\/shop\/files\/group.png?v=1730368432&amp;width=64\" srcset=\"\/\/www.dogger.ch\/cdn\/shop\/files\/group.png?v=1730368432&amp;width=64 64w\" alt=\"\" width=\"64\" height=\"64\" \/>\u00a0 \u00a0 \u00a0Von Hundeprofis entwickelt<\/p><p><img decoding=\"async\" class=\"icon\" src=\"https:\/\/www.dogger.ch\/cdn\/shop\/files\/red-cross_3302969.png?v=1730368870&amp;width=64\" srcset=\"\/\/www.dogger.ch\/cdn\/shop\/files\/red-cross_3302969.png?v=1730368870&amp;width=64 64w\" alt=\"\" width=\"64\" height=\"64\" \/>\u00a0 \u00a0 \u00a0Designed in Switzerland<\/p><p><img decoding=\"async\" class=\"icon\" src=\"https:\/\/www.dogger.ch\/cdn\/shop\/files\/ecology-and-environment.png?v=1730368382&amp;width=64\" srcset=\"\/\/www.dogger.ch\/cdn\/shop\/files\/ecology-and-environment.png?v=1730368382&amp;width=64 64w\" alt=\"\" width=\"64\" height=\"64\" \/>\u00a0 \u00a0 \u00a0Hergestellt unter kontrollierten Bedingungen<\/p><p><img loading=\"lazy\" decoding=\"async\" class=\"icon\" src=\"https:\/\/www.dogger.ch\/cdn\/shop\/files\/shield.png?v=1730368719&amp;width=64\" srcset=\"\/\/www.dogger.ch\/cdn\/shop\/files\/shield.png?v=1730368719&amp;width=64 64w\" alt=\"\" width=\"64\" height=\"64\" \/>\u00a0 \u00a0 \u00a0Gefertigt aus erstklassigen Materialien<\/p>\t\t\t\t\t\t\t\t<\/div>\n\t\t\t\t<\/div>\n\t\t\t\t\t<\/div>\n\t\t<\/div>\n\t\t\t\t<div class=\"elementor-column elementor-col-50 elementor-top-column elementor-element elementor-element-13543ed\" data-id=\"13543ed\" data-element_type=\"column\" data-e-type=\"column\">\n\t\t\t<div class=\"elementor-widget-wrap elementor-element-populated\">\n\t\t\t\t\t\t<div class=\"elementor-element elementor-element-83903a9 elementor-widget elementor-widget-heading\" data-id=\"83903a9\" data-element_type=\"widget\" data-e-type=\"widget\" data-widget_type=\"heading.default\">\n\t\t\t\t<div class=\"elementor-widget-container\">\n\t\t\t\t\t<h2 class=\"elementor-heading-title elementor-size-large\">Die passenden Heat Paxx f\u00fcr die Handschuhe: <\/h2>\t\t\t\t<\/div>\n\t\t\t\t<\/div>\n\t\t\t\t<div class=\"elementor-element elementor-element-947944f elementor-widget elementor-widget-image\" data-id=\"947944f\" data-element_type=\"widget\" data-e-type=\"widget\" data-widget_type=\"image.default\">\n\t\t\t\t<div class=\"elementor-widget-container\">\n\t\t\t\t\t\t\t\t\t\t\t\t\t\t\t\t<a href=\"https:\/\/amzn.to\/31vtH5F\" target=\"_blank\">\n\t\t\t\t\t\t\t<img loading=\"lazy\" decoding=\"async\" width=\"300\" height=\"228\" src=\"https:\/\/www.melli4dogs.com\/shop\/wp-content\/uploads\/2021\/11\/Heatpaxx-300x228.jpg\" class=\"attachment-medium size-medium wp-image-6840\" alt=\"\" srcset=\"https:\/\/www.melli4dogs.com\/shop\/wp-content\/uploads\/2021\/11\/Heatpaxx-300x228.jpg 300w, https:\/\/www.melli4dogs.com\/shop\/wp-content\/uploads\/2021\/11\/Heatpaxx-600x456.jpg 600w, https:\/\/www.melli4dogs.com\/shop\/wp-content\/uploads\/2021\/11\/Heatpaxx-768x584.jpg 768w, https:\/\/www.melli4dogs.com\/shop\/wp-content\/uploads\/2021\/11\/Heatpaxx.jpg 1000w\" sizes=\"(max-width: 300px) 100vw, 300px\" \/>\t\t\t\t\t\t\t\t<\/a>\n\t\t\t\t\t\t\t\t\t\t\t\t\t\t\t<\/div>\n\t\t\t\t<\/div>\n\t\t\t\t\t<\/div>\n\t\t<\/div>\n\t\t\t\t\t<\/div>\n\t\t<\/section>\n\t\t\t\t<section class=\"elementor-section elementor-top-section elementor-element elementor-element-20cf267 elementor-section-boxed elementor-section-height-default elementor-section-height-default\" data-id=\"20cf267\" data-element_type=\"section\" data-e-type=\"section\">\n\t\t\t\t\t\t<div class=\"elementor-container elementor-column-gap-default\">\n\t\t\t\t\t<div class=\"elementor-column elementor-col-100 elementor-top-column elementor-element elementor-element-ecc2205\" data-id=\"ecc2205\" data-element_type=\"column\" data-e-type=\"column\">\n\t\t\t<div class=\"elementor-widget-wrap elementor-element-populated\">\n\t\t\t\t\t\t<div class=\"elementor-element elementor-element-e993290 elementor-widget-divider--view-line elementor-widget elementor-widget-divider\" data-id=\"e993290\" data-element_type=\"widget\" data-e-type=\"widget\" data-widget_type=\"divider.default\">\n\t\t\t\t<div class=\"elementor-widget-container\">\n\t\t\t\t\t\t\t<div class=\"elementor-divider\">\n\t\t\t<span class=\"elementor-divider-separator\">\n\t\t\t\t\t\t<\/span>\n\t\t<\/div>\n\t\t\t\t\t\t<\/div>\n\t\t\t\t<\/div>\n\t\t\t\t\t<\/div>\n\t\t<\/div>\n\t\t\t\t\t<\/div>\n\t\t<\/section>\n\t\t\t\t<\/div>\n\t\t","protected":false},"excerpt":{"rendered":"<p><strong>THERMO-PLUS Handschuh Unisex schwarz \u2013 Flexibler W\u00e4rmeschutz f\u00fcr kalte Tage<\/strong><\/p>\n<ul>\n<li><strong>Kombination aus Finger- und Fausthandschuh:<\/strong>\u00a0Der THERMO-PLUS Handschuh vereint die W\u00e4rme eines Fausthandschuhs mit der Beweglichkeit eines Fingerhandschuhs, ideal f\u00fcr kalte Tage, an denen Fingerspitzengef\u00fchl gefragt ist.<\/li>\n<li><strong>Praktische Klappfunktion:<\/strong>\u00a0Die Finger- und Daumenabdeckung l\u00e4sst sich einfach wegklappen, sodass du in Momenten, in denen du Pr\u00e4zision ben\u00f6tigst, die volle Bewegungsfreiheit hast \u2013 perfekt f\u00fcr Outdoor-Aktivit\u00e4ten und Hundesport.<\/li>\n<li><strong>Zus\u00e4tzlicher Stauraum:<\/strong> Der umklappbare F\u00e4ustling verf\u00fcgt \u00fcber eine extra Innentasche, um kleine Gegenst\u00e4nde sicher zu verstauen oder deine Finger zusa\u00e4tzlich mit einem Heatpack zu w\u00e4rmen.<\/li>\n<li><strong>Warmes &amp; wasserdichtes Fleece:<\/strong>\u00a0Der Handschuh besteht aus warmem, wasserdichtem Fleece und bietet zuverl\u00e4ssigen Schutz vor K\u00e4lte und N\u00e4sse. Die Verst\u00e4rkung in der Innenhand sorgt zudem f\u00fcr eine bessere Griffigkeit und Langlebigkeit.<\/li>\n<\/ul>\n","protected":false},"featured_media":6609,"template":"","meta":{"ocean_post_layout":"","ocean_both_sidebars_style":"","ocean_both_sidebars_content_width":0,"ocean_both_sidebars_sidebars_width":0,"ocean_sidebar":"0","ocean_second_sidebar":"0","ocean_disable_margins":"enable","ocean_add_body_class":"","ocean_shortcode_before_top_bar":"","ocean_shortcode_after_top_bar":"","ocean_shortcode_before_header":"","ocean_shortcode_after_header":"","ocean_has_shortcode":"","ocean_shortcode_after_title":"","ocean_shortcode_before_footer_widgets":"","ocean_shortcode_after_footer_widgets":"","ocean_shortcode_before_footer_bottom":"","ocean_shortcode_after_footer_bottom":"","ocean_display_top_bar":"default","ocean_display_header":"default","ocean_header_style":"","ocean_center_header_left_menu":"0","ocean_custom_header_template":"0","ocean_custom_logo":0,"ocean_custom_retina_logo":0,"ocean_custom_logo_max_width":0,"ocean_custom_logo_tablet_max_width":0,"ocean_custom_logo_mobile_max_width":0,"ocean_custom_logo_max_height":0,"ocean_custom_logo_tablet_max_height":0,"ocean_custom_logo_mobile_max_height":0,"ocean_header_custom_menu":"0","ocean_menu_typo_font_family":"0","ocean_menu_typo_font_subset":"","ocean_menu_typo_font_size":0,"ocean_menu_typo_font_size_tablet":0,"ocean_menu_typo_font_size_mobile":0,"ocean_menu_typo_font_size_unit":"px","ocean_menu_typo_font_weight":"","ocean_menu_typo_font_weight_tablet":"","ocean_menu_typo_font_weight_mobile":"","ocean_menu_typo_transform":"","ocean_menu_typo_transform_tablet":"","ocean_menu_typo_transform_mobile":"","ocean_menu_typo_line_height":0,"ocean_menu_typo_line_height_tablet":0,"ocean_menu_typo_line_height_mobile":0,"ocean_menu_typo_line_height_unit":"","ocean_menu_typo_spacing":0,"ocean_menu_typo_spacing_tablet":0,"ocean_menu_typo_spacing_mobile":0,"ocean_menu_typo_spacing_unit":"","ocean_menu_link_color":"","ocean_menu_link_color_hover":"","ocean_menu_link_color_active":"","ocean_menu_link_background":"","ocean_menu_link_hover_background":"","ocean_menu_link_active_background":"","ocean_menu_social_links_bg":"","ocean_menu_social_hover_links_bg":"","ocean_menu_social_links_color":"","ocean_menu_social_hover_links_color":"","ocean_disable_title":"default","ocean_disable_heading":"default","ocean_post_title":"","ocean_post_subheading":"","ocean_post_title_style":"","ocean_post_title_background_color":"","ocean_post_title_background":0,"ocean_post_title_bg_image_position":"","ocean_post_title_bg_image_attachment":"","ocean_post_title_bg_image_repeat":"","ocean_post_title_bg_image_size":"","ocean_post_title_height":0,"ocean_post_title_bg_overlay":0.5,"ocean_post_title_bg_overlay_color":"","ocean_disable_breadcrumbs":"default","ocean_breadcrumbs_color":"","ocean_breadcrumbs_separator_color":"","ocean_breadcrumbs_links_color":"","ocean_breadcrumbs_links_hover_color":"","ocean_display_footer_widgets":"default","ocean_display_footer_bottom":"default","ocean_custom_footer_template":"0"},"product_brand":[],"product_cat":[21],"product_tag":[],"class_list":{"0":"post-6602","1":"product","2":"type-product","3":"status-publish","4":"has-post-thumbnail","6":"product_cat-trainings-zubehoer","7":"pa_size-large","8":"pa_size-medium","9":"pa_size-s","11":"entry","12":"has-media","14":"first","15":"instock","16":"taxable","17":"shipping-taxable","18":"purchasable","19":"product-type-variable","20":"has-product-nav","21":"col","22":"span_1_of_3","23":"owp-content-center","24":"owp-thumbs-layout-horizontal","25":"owp-btn-normal","26":"owp-tabs-layout-horizontal"},"jetpack_sharing_enabled":true,"_links":{"self":[{"href":"https:\/\/www.melli4dogs.com\/shop\/wp-json\/wp\/v2\/product\/6602","targetHints":{"allow":["GET"]}}],"collection":[{"href":"https:\/\/www.melli4dogs.com\/shop\/wp-json\/wp\/v2\/product"}],"about":[{"href":"https:\/\/www.melli4dogs.com\/shop\/wp-json\/wp\/v2\/types\/product"}],"version-history":[{"count":59,"href":"https:\/\/www.melli4dogs.com\/shop\/wp-json\/wp\/v2\/product\/6602\/revisions"}],"predecessor-version":[{"id":24642,"href":"https:\/\/www.melli4dogs.com\/shop\/wp-json\/wp\/v2\/product\/6602\/revisions\/24642"}],"wp:featuredmedia":[{"embeddable":true,"href":"https:\/\/www.melli4dogs.com\/shop\/wp-json\/wp\/v2\/media\/6609"}],"wp:attachment":[{"href":"https:\/\/www.melli4dogs.com\/shop\/wp-json\/wp\/v2\/media?parent=6602"}],"wp:term":[{"taxonomy":"product_brand","embeddable":true,"href":"https:\/\/www.melli4dogs.com\/shop\/wp-json\/wp\/v2\/product_brand?post=6602"},{"taxonomy":"product_cat","embeddable":true,"href":"https:\/\/www.melli4dogs.com\/shop\/wp-json\/wp\/v2\/product_cat?post=6602"},{"taxonomy":"product_tag","embeddable":true,"href":"https:\/\/www.melli4dogs.com\/shop\/wp-json\/wp\/v2\/product_tag?post=6602"}],"curies":[{"name":"wp","href":"https:\/\/api.w.org\/{rel}","templated":true}]}}