{"id":312,"date":"2020-05-18T22:28:54","date_gmt":"2020-05-18T20:28:54","guid":{"rendered":"http:\/\/www.melli4dogs.com\/training\/?page_id=312"},"modified":"2024-03-07T23:55:01","modified_gmt":"2024-03-07T22:55:01","slug":"online-einzeltraining","status":"publish","type":"page","link":"https:\/\/www.melli4dogs.com\/training\/online-training\/online-einzeltraining\/","title":{"rendered":"Online Einzeltraining"},"content":{"rendered":"\t\t<div data-elementor-type=\"wp-page\" data-elementor-id=\"312\" class=\"elementor elementor-312\" data-elementor-post-type=\"page\">\n\t\t\t\t\t\t<section class=\"elementor-section elementor-top-section elementor-element elementor-element-a010691 elementor-section-boxed elementor-section-height-default elementor-section-height-default\" data-id=\"a010691\" data-element_type=\"section\" data-e-type=\"section\">\n\t\t\t\t\t\t<div class=\"elementor-container elementor-column-gap-default\">\n\t\t\t\t\t<div class=\"elementor-column elementor-col-100 elementor-top-column elementor-element elementor-element-8c3e5a5\" data-id=\"8c3e5a5\" data-element_type=\"column\" data-e-type=\"column\">\n\t\t\t<div class=\"elementor-widget-wrap elementor-element-populated\">\n\t\t\t\t\t\t<div class=\"elementor-element elementor-element-3f494f1 elementor-widget elementor-widget-global elementor-global-2389 elementor-widget-woocommerce-breadcrumb\" data-id=\"3f494f1\" data-element_type=\"widget\" data-e-type=\"widget\" data-widget_type=\"woocommerce-breadcrumb.default\">\n\t\t\t\t<div class=\"elementor-widget-container\">\n\t\t\t\t\t<div class=\"site-breadcrumbs woocommerce-breadcrumbs clr\">Start<\/div>\t\t\t\t<\/div>\n\t\t\t\t<\/div>\n\t\t\t\t\t<\/div>\n\t\t<\/div>\n\t\t\t\t\t<\/div>\n\t\t<\/section>\n\t\t\t\t<section class=\"elementor-section elementor-top-section elementor-element elementor-element-461be18 elementor-section-boxed elementor-section-height-default elementor-section-height-default\" data-id=\"461be18\" data-element_type=\"section\" data-e-type=\"section\">\n\t\t\t\t\t\t<div class=\"elementor-container elementor-column-gap-default\">\n\t\t\t\t\t<div class=\"elementor-column elementor-col-100 elementor-top-column elementor-element elementor-element-a41783b\" data-id=\"a41783b\" data-element_type=\"column\" data-e-type=\"column\">\n\t\t\t<div class=\"elementor-widget-wrap elementor-element-populated\">\n\t\t\t\t\t\t<div class=\"elementor-element elementor-element-2101aec elementor-widget elementor-widget-heading\" data-id=\"2101aec\" data-element_type=\"widget\" data-e-type=\"widget\" data-widget_type=\"heading.default\">\n\t\t\t\t<div class=\"elementor-widget-container\">\n\t\t\t\t\t<h1 class=\"elementor-heading-title elementor-size-default\">Online Einzeltraining<\/h1>\t\t\t\t<\/div>\n\t\t\t\t<\/div>\n\t\t\t\t\t<\/div>\n\t\t<\/div>\n\t\t\t\t\t<\/div>\n\t\t<\/section>\n\t\t\t\t<section class=\"elementor-section elementor-top-section elementor-element elementor-element-50b04c6 elementor-section-boxed elementor-section-height-default elementor-section-height-default\" data-id=\"50b04c6\" data-element_type=\"section\" data-e-type=\"section\">\n\t\t\t\t\t\t<div class=\"elementor-container elementor-column-gap-default\">\n\t\t\t\t\t<div class=\"elementor-column elementor-col-100 elementor-top-column elementor-element elementor-element-e94ece0\" data-id=\"e94ece0\" data-element_type=\"column\" data-e-type=\"column\">\n\t\t\t<div class=\"elementor-widget-wrap elementor-element-populated\">\n\t\t\t\t\t\t<div class=\"elementor-element elementor-element-a6f9572 elementor-widget elementor-widget-text-editor\" data-id=\"a6f9572\" data-element_type=\"widget\" data-e-type=\"widget\" data-widget_type=\"text-editor.default\">\n\t\t\t\t<div class=\"elementor-widget-container\">\n\t\t\t\t\t\t\t\t\t<p><img fetchpriority=\"high\" decoding=\"async\" class=\"alignright wp-image-444\" src=\"http:\/\/www.melli4dogs.com\/training\/wp-content\/uploads\/2020\/07\/Online-Training-300x200.jpg\" alt=\"Melli mit Julie &amp; Ayden am Notebook\" width=\"400\" height=\"267\" srcset=\"https:\/\/www.melli4dogs.com\/training\/wp-content\/uploads\/2020\/07\/Online-Training-300x200.jpg 300w, https:\/\/www.melli4dogs.com\/training\/wp-content\/uploads\/2020\/07\/Online-Training-1024x683.jpg 1024w, https:\/\/www.melli4dogs.com\/training\/wp-content\/uploads\/2020\/07\/Online-Training-768x513.jpg 768w, https:\/\/www.melli4dogs.com\/training\/wp-content\/uploads\/2020\/07\/Online-Training-1536x1025.jpg 1536w, https:\/\/www.melli4dogs.com\/training\/wp-content\/uploads\/2020\/07\/Online-Training-2048x1367.jpg 2048w\" sizes=\"(max-width: 400px) 100vw, 400px\" \/>Deinen W\u00fcnschen widme ich mich gerne pers\u00f6nlich.<\/p><p>In einem individuellen Einzeltraining l\u00f6sen wir alle Anliegen in Theorie und Praxis.<\/p><p>Egal ob es um Alltagssituationen zu Hause oder um &#8222;Feinschliffaufgaben&#8220; im sportlichen Bereich geht.<\/p><p>Dank Online-Unterricht kann das Training direkt bei dir zu Hause, auf Spazierg\u00e4ngen oder auch auf Hundepl\u00e4tzen stattfinden. Das Sch\u00f6ne ist, dass wir immer dort trainieren k\u00f6nnen, wo die Notwendigkeit besteht.<\/p><p>Ich bin live dabei und wir sind\u00a0 \u00fcber Zoom oder WhatsApp Video verbunden.\u00a0<\/p><p>Probleme sind da, um gel\u00f6st zu werden. Meist kann schon in K\u00fcrze mit nur wenig M\u00fche ein tolles und f\u00fcr beide Seiten entspanntes Trainingsziel erreicht werden.<\/p><p>Egal, ob es um die Verfeinerung von Positionen, das Feintuning von Signalen oder die Optimierung von Timing und Handling geht &#8211; ich bin hier, um zu helfen.<\/p><p>Was mich begeistert ist auch, wieviele Trainer immer wieder zu mir finden, vor kurzem habe ich mit einer Dogdance-Trainierin aus Pennsylvania trainiert und im Sommer letzten Jahres hat mich ein Trainer aus Korea, sogar f\u00fcr 3 Monate Intensivtraining hier in Deutschland besucht.\u00a0<\/p><p>Ich kann es kaum erwarten, auch dich und deinen fantastischen Hund kennenzulernen!<\/p><p>\u00a0<\/p>\t\t\t\t\t\t\t\t<\/div>\n\t\t\t\t<\/div>\n\t\t\t\t\t<\/div>\n\t\t<\/div>\n\t\t\t\t\t<\/div>\n\t\t<\/section>\n\t\t\t\t<section class=\"elementor-section elementor-top-section elementor-element elementor-element-58ed1a4 elementor-section-boxed elementor-section-height-default elementor-section-height-default\" data-id=\"58ed1a4\" data-element_type=\"section\" data-e-type=\"section\">\n\t\t\t\t\t\t<div class=\"elementor-container elementor-column-gap-default\">\n\t\t\t\t\t<div class=\"elementor-column elementor-col-100 elementor-top-column elementor-element elementor-element-053b93e\" data-id=\"053b93e\" data-element_type=\"column\" data-e-type=\"column\">\n\t\t\t<div class=\"elementor-widget-wrap elementor-element-populated\">\n\t\t\t\t\t\t<div class=\"elementor-element elementor-element-ca3f2cc elementor-widget elementor-widget-heading\" data-id=\"ca3f2cc\" data-element_type=\"widget\" data-e-type=\"widget\" data-widget_type=\"heading.default\">\n\t\t\t\t<div class=\"elementor-widget-container\">\n\t\t\t\t\t<h2 class=\"elementor-heading-title elementor-size-default\">Buche hier Dein Online Einzeltraining:<\/h2>\t\t\t\t<\/div>\n\t\t\t\t<\/div>\n\t\t\t\t\t<\/div>\n\t\t<\/div>\n\t\t\t\t\t<\/div>\n\t\t<\/section>\n\t\t\t\t<section class=\"elementor-section elementor-top-section elementor-element elementor-element-5498ba6 elementor-section-boxed elementor-section-height-default elementor-section-height-default\" data-id=\"5498ba6\" data-element_type=\"section\" data-e-type=\"section\">\n\t\t\t\t\t\t<div class=\"elementor-container elementor-column-gap-default\">\n\t\t\t\t\t<div class=\"elementor-column elementor-col-100 elementor-top-column elementor-element elementor-element-3d4902d\" data-id=\"3d4902d\" data-element_type=\"column\" data-e-type=\"column\">\n\t\t\t<div class=\"elementor-widget-wrap elementor-element-populated\">\n\t\t\t\t\t\t<div class=\"elementor-element elementor-element-2c8b4dc elementor-grid-4 elementor-grid-tablet-3 elementor-grid-mobile-2 elementor-products-grid elementor-wc-products elementor-widget elementor-widget-woocommerce-products\" data-id=\"2c8b4dc\" data-element_type=\"widget\" data-e-type=\"widget\" data-widget_type=\"woocommerce-products.default\">\n\t\t\t\t<div class=\"elementor-widget-container\">\n\t\t\t\t\t<div class=\"woocommerce columns-4 \">\r\n<ul class=\"products elementor-grid oceanwp-row clr grid tablet-col tablet-2-col mobile-col mobile-1-col\">\r\n<li class=\"entry has-media has-product-nav col span_1_of_4 owp-content-center owp-thumbs-layout-horizontal owp-btn-normal owp-tabs-layout-horizontal has-no-thumbnails product type-product post-134 status-publish first instock product_cat-einzeltraining product_cat-einzeltrainingonline product_tag-einzeltraining product_tag-einzeltraining-online has-post-thumbnail taxable shipping-taxable purchasable product-type-simple\">\n\t<div class=\"product-inner clr\">\n\t<div class=\"woo-entry-image clr\">\n\t\t<a href=\"https:\/\/www.melli4dogs.com\/training\/produkt\/video-einzelstunde\/\" class=\"woocommerce-LoopProduct-link\"><img decoding=\"async\" width=\"300\" height=\"300\" src=\"https:\/\/www.melli4dogs.com\/training\/wp-content\/uploads\/2020\/08\/DSC9031_Melli-Julie-Ayden-Notebook_low-cut-e1597010980562-300x300.jpg\" class=\"woo-entry-image-main\" alt=\"Einzeltraining online\" itemprop=\"image\" srcset=\"https:\/\/www.melli4dogs.com\/training\/wp-content\/uploads\/2020\/08\/DSC9031_Melli-Julie-Ayden-Notebook_low-cut-e1597010980562-300x300.jpg 300w, https:\/\/www.melli4dogs.com\/training\/wp-content\/uploads\/2020\/08\/DSC9031_Melli-Julie-Ayden-Notebook_low-cut-e1597010980562-150x150.jpg 150w, https:\/\/www.melli4dogs.com\/training\/wp-content\/uploads\/2020\/08\/DSC9031_Melli-Julie-Ayden-Notebook_low-cut-e1597010980562-100x100.jpg 100w\" sizes=\"(max-width: 300px) 100vw, 300px\" \/><\/a>\t<\/div><!-- .woo-entry-image -->\n\n\t\n\n<ul class=\"woo-entry-inner clr\"><li class=\"image-wrap\">\n\t<div class=\"woo-entry-image clr\">\n\t\t<a href=\"https:\/\/www.melli4dogs.com\/training\/produkt\/video-einzelstunde\/\" class=\"woocommerce-LoopProduct-link\"><img decoding=\"async\" width=\"300\" height=\"300\" src=\"https:\/\/www.melli4dogs.com\/training\/wp-content\/uploads\/2020\/08\/DSC9031_Melli-Julie-Ayden-Notebook_low-cut-e1597010980562-300x300.jpg\" class=\"woo-entry-image-main\" alt=\"Einzeltraining online\" itemprop=\"image\" srcset=\"https:\/\/www.melli4dogs.com\/training\/wp-content\/uploads\/2020\/08\/DSC9031_Melli-Julie-Ayden-Notebook_low-cut-e1597010980562-300x300.jpg 300w, https:\/\/www.melli4dogs.com\/training\/wp-content\/uploads\/2020\/08\/DSC9031_Melli-Julie-Ayden-Notebook_low-cut-e1597010980562-150x150.jpg 150w, https:\/\/www.melli4dogs.com\/training\/wp-content\/uploads\/2020\/08\/DSC9031_Melli-Julie-Ayden-Notebook_low-cut-e1597010980562-100x100.jpg 100w\" sizes=\"(max-width: 300px) 100vw, 300px\" \/><\/a>\t<\/div><!-- .woo-entry-image -->\n\n\t<\/li><li class=\"category\"><a href=\"https:\/\/www.melli4dogs.com\/training\/produkt-kategorie\/einzeltraining\/\" rel=\"tag\">Einzeltraining<\/a>, <a href=\"https:\/\/www.melli4dogs.com\/training\/produkt-kategorie\/einzeltrainingonline\/\" rel=\"tag\">Einzeltraining online<\/a><\/li><li class=\"title\"><h2><a href=\"https:\/\/www.melli4dogs.com\/training\/produkt\/video-einzelstunde\/\">Einzeltraining online<\/a><\/h2><\/li><li class=\"price-wrap\">\n\t<span class=\"price\"><span class=\"woocommerce-Price-amount amount\"><bdi>75,00&nbsp;<span class=\"woocommerce-Price-currencySymbol\">&euro;<\/span><\/bdi><\/span><\/span>\n<\/li><li class=\"wc-gzd\">\n\n\t<p class=\"wc-gzd-additional-info wc-gzd-additional-info-loop tax-info\">inkl. 19 % MwSt.<\/p>\n\n\n\n<\/li><li class=\"rating\"><\/li><li class=\"btn-wrap clr\"><a href=\"\/training\/wp-json\/wp\/v2\/pages\/312?add-to-cart=134\" aria-describedby=\"woocommerce_loop_add_to_cart_link_describedby_134\" data-quantity=\"1\" class=\"button product_type_simple add_to_cart_button ajax_add_to_cart\" data-product_id=\"134\" data-product_sku=\"ETO-1\" aria-label=\"In den Warenkorb legen: \u201eEinzeltraining online\u201c\" rel=\"nofollow\" data-success_message=\"\u201eEinzeltraining online\u201c wurde deinem Warenkorb hinzugef\u00fcgt\" role=\"button\">In den Warenkorb<\/a>\t<span id=\"woocommerce_loop_add_to_cart_link_describedby_134\" class=\"screen-reader-text\">\n\t\t\t<\/span>\n<\/li><\/ul><\/div><!-- .product-inner .clr --><\/li>\n<\/ul>\n<\/div>\t\t\t\t<\/div>\n\t\t\t\t<\/div>\n\t\t\t\t\t<\/div>\n\t\t<\/div>\n\t\t\t\t\t<\/div>\n\t\t<\/section>\n\t\t\t\t<\/div>\n\t\t","protected":false},"excerpt":{"rendered":"<p>Online Einzeltraining Deinen W\u00fcnschen widme ich mich gerne pers\u00f6nlich. In einem individuellen Einzeltraining l\u00f6sen wir alle Anliegen in Theorie und Praxis. Egal ob es um Alltagssituationen zu Hause oder um &#8222;Feinschliffaufgaben&#8220; im sportlichen Bereich geht. Dank Online-Unterricht kann das Training direkt bei dir zu Hause, auf Spazierg\u00e4ngen oder auch auf Hundepl\u00e4tzen stattfinden. Das Sch\u00f6ne ist, [&hellip;]<\/p>\n","protected":false},"author":1,"featured_media":0,"parent":299,"menu_order":0,"comment_status":"closed","ping_status":"closed","template":"","meta":{"ocean_post_layout":"","ocean_both_sidebars_style":"","ocean_both_sidebars_content_width":0,"ocean_both_sidebars_sidebars_width":0,"ocean_sidebar":"0","ocean_second_sidebar":"0","ocean_disable_margins":"enable","ocean_add_body_class":"","ocean_shortcode_before_top_bar":"","ocean_shortcode_after_top_bar":"","ocean_shortcode_before_header":"","ocean_shortcode_after_header":"","ocean_has_shortcode":"","ocean_shortcode_after_title":"","ocean_shortcode_before_footer_widgets":"","ocean_shortcode_after_footer_widgets":"","ocean_shortcode_before_footer_bottom":"","ocean_shortcode_after_footer_bottom":"","ocean_display_top_bar":"default","ocean_display_header":"default","ocean_header_style":"","ocean_center_header_left_menu":"0","ocean_custom_header_template":"0","ocean_custom_logo":0,"ocean_custom_retina_logo":0,"ocean_custom_logo_max_width":0,"ocean_custom_logo_tablet_max_width":0,"ocean_custom_logo_mobile_max_width":0,"ocean_custom_logo_max_height":0,"ocean_custom_logo_tablet_max_height":0,"ocean_custom_logo_mobile_max_height":0,"ocean_header_custom_menu":"0","ocean_menu_typo_font_family":"0","ocean_menu_typo_font_subset":"","ocean_menu_typo_font_size":0,"ocean_menu_typo_font_size_tablet":0,"ocean_menu_typo_font_size_mobile":0,"ocean_menu_typo_font_size_unit":"px","ocean_menu_typo_font_weight":"","ocean_menu_typo_font_weight_tablet":"","ocean_menu_typo_font_weight_mobile":"","ocean_menu_typo_transform":"","ocean_menu_typo_transform_tablet":"","ocean_menu_typo_transform_mobile":"","ocean_menu_typo_line_height":0,"ocean_menu_typo_line_height_tablet":0,"ocean_menu_typo_line_height_mobile":0,"ocean_menu_typo_line_height_unit":"","ocean_menu_typo_spacing":0,"ocean_menu_typo_spacing_tablet":0,"ocean_menu_typo_spacing_mobile":0,"ocean_menu_typo_spacing_unit":"","ocean_menu_link_color":"","ocean_menu_link_color_hover":"","ocean_menu_link_color_active":"","ocean_menu_link_background":"","ocean_menu_link_hover_background":"","ocean_menu_link_active_background":"","ocean_menu_social_links_bg":"","ocean_menu_social_hover_links_bg":"","ocean_menu_social_links_color":"","ocean_menu_social_hover_links_color":"","ocean_disable_title":"default","ocean_disable_heading":"default","ocean_post_title":"","ocean_post_subheading":"","ocean_post_title_style":"","ocean_post_title_background_color":"","ocean_post_title_background":0,"ocean_post_title_bg_image_position":"","ocean_post_title_bg_image_attachment":"","ocean_post_title_bg_image_repeat":"","ocean_post_title_bg_image_size":"","ocean_post_title_height":0,"ocean_post_title_bg_overlay":0.5,"ocean_post_title_bg_overlay_color":"","ocean_disable_breadcrumbs":"default","ocean_breadcrumbs_color":"","ocean_breadcrumbs_separator_color":"","ocean_breadcrumbs_links_color":"","ocean_breadcrumbs_links_hover_color":"","ocean_display_footer_widgets":"default","ocean_display_footer_bottom":"default","ocean_custom_footer_template":"0","footnotes":""},"class_list":["post-312","page","type-page","status-publish","hentry","entry","owp-thumbs-layout-horizontal","owp-btn-normal","owp-tabs-layout-horizontal","has-no-thumbnails","has-product-nav"],"jetpack_sharing_enabled":true,"_links":{"self":[{"href":"https:\/\/www.melli4dogs.com\/training\/wp-json\/wp\/v2\/pages\/312","targetHints":{"allow":["GET"]}}],"collection":[{"href":"https:\/\/www.melli4dogs.com\/training\/wp-json\/wp\/v2\/pages"}],"about":[{"href":"https:\/\/www.melli4dogs.com\/training\/wp-json\/wp\/v2\/types\/page"}],"author":[{"embeddable":true,"href":"https:\/\/www.melli4dogs.com\/training\/wp-json\/wp\/v2\/users\/1"}],"replies":[{"embeddable":true,"href":"https:\/\/www.melli4dogs.com\/training\/wp-json\/wp\/v2\/comments?post=312"}],"version-history":[{"count":31,"href":"https:\/\/www.melli4dogs.com\/training\/wp-json\/wp\/v2\/pages\/312\/revisions"}],"predecessor-version":[{"id":4763,"href":"https:\/\/www.melli4dogs.com\/training\/wp-json\/wp\/v2\/pages\/312\/revisions\/4763"}],"up":[{"embeddable":true,"href":"https:\/\/www.melli4dogs.com\/training\/wp-json\/wp\/v2\/pages\/299"}],"wp:attachment":[{"href":"https:\/\/www.melli4dogs.com\/training\/wp-json\/wp\/v2\/media?parent=312"}],"curies":[{"name":"wp","href":"https:\/\/api.w.org\/{rel}","templated":true}]}}