{"id":598,"date":"2020-07-24T11:15:57","date_gmt":"2020-07-24T09:15:57","guid":{"rendered":"http:\/\/www.melli4dogs.com\/training\/?page_id=598"},"modified":"2020-09-29T12:00:37","modified_gmt":"2020-09-29T10:00:37","slug":"spass-beschaeftigung","status":"publish","type":"page","link":"https:\/\/www.melli4dogs.com\/training\/live-training\/gruppentraining\/spass-beschaeftigung\/","title":{"rendered":"Spa\u00df &#038; Besch\u00e4ftigung"},"content":{"rendered":"\t\t<div data-elementor-type=\"wp-page\" data-elementor-id=\"598\" class=\"elementor elementor-598\" data-elementor-post-type=\"page\">\n\t\t\t\t\t\t<section class=\"elementor-section elementor-top-section elementor-element elementor-element-3c8f4d2 elementor-section-boxed elementor-section-height-default elementor-section-height-default\" data-id=\"3c8f4d2\" data-element_type=\"section\" data-e-type=\"section\">\n\t\t\t\t\t\t<div class=\"elementor-container elementor-column-gap-default\">\n\t\t\t\t\t<div class=\"elementor-column elementor-col-100 elementor-top-column elementor-element elementor-element-19d5194\" data-id=\"19d5194\" data-element_type=\"column\" data-e-type=\"column\">\n\t\t\t<div class=\"elementor-widget-wrap elementor-element-populated\">\n\t\t\t\t\t\t<div class=\"elementor-element elementor-element-0568ce1 elementor-widget elementor-widget-global elementor-global-2389 elementor-widget-woocommerce-breadcrumb\" data-id=\"0568ce1\" data-element_type=\"widget\" data-e-type=\"widget\" data-widget_type=\"woocommerce-breadcrumb.default\">\n\t\t\t\t<div class=\"elementor-widget-container\">\n\t\t\t\t\t<div class=\"site-breadcrumbs woocommerce-breadcrumbs clr\">Start<\/div>\t\t\t\t<\/div>\n\t\t\t\t<\/div>\n\t\t\t\t\t<\/div>\n\t\t<\/div>\n\t\t\t\t\t<\/div>\n\t\t<\/section>\n\t\t\t\t<section class=\"elementor-section elementor-top-section elementor-element elementor-element-1828f48 elementor-section-boxed elementor-section-height-default elementor-section-height-default\" data-id=\"1828f48\" data-element_type=\"section\" data-e-type=\"section\">\n\t\t\t\t\t\t<div class=\"elementor-container elementor-column-gap-default\">\n\t\t\t\t\t<div class=\"elementor-column elementor-col-100 elementor-top-column elementor-element elementor-element-d971afd\" data-id=\"d971afd\" data-element_type=\"column\" data-e-type=\"column\">\n\t\t\t<div class=\"elementor-widget-wrap elementor-element-populated\">\n\t\t\t\t\t\t<div class=\"elementor-element elementor-element-7f857a2 elementor-widget elementor-widget-heading\" data-id=\"7f857a2\" data-element_type=\"widget\" data-e-type=\"widget\" data-widget_type=\"heading.default\">\n\t\t\t\t<div class=\"elementor-widget-container\">\n\t\t\t\t\t<h1 class=\"elementor-heading-title elementor-size-default\">Spa\u00df &amp; Besch\u00e4ftigung<\/h1>\t\t\t\t<\/div>\n\t\t\t\t<\/div>\n\t\t\t\t\t<\/div>\n\t\t<\/div>\n\t\t\t\t\t<\/div>\n\t\t<\/section>\n\t\t\t\t<section class=\"elementor-section elementor-top-section elementor-element elementor-element-c1dd159 elementor-section-boxed elementor-section-height-default elementor-section-height-default\" data-id=\"c1dd159\" data-element_type=\"section\" data-e-type=\"section\">\n\t\t\t\t\t\t<div class=\"elementor-container elementor-column-gap-default\">\n\t\t\t\t\t<div class=\"elementor-column elementor-col-100 elementor-top-column elementor-element elementor-element-2e4e7ae\" data-id=\"2e4e7ae\" data-element_type=\"column\" data-e-type=\"column\">\n\t\t\t<div class=\"elementor-widget-wrap elementor-element-populated\">\n\t\t\t\t\t\t<div class=\"elementor-element elementor-element-416edbb elementor-widget elementor-widget-text-editor\" data-id=\"416edbb\" data-element_type=\"widget\" data-e-type=\"widget\" data-widget_type=\"text-editor.default\">\n\t\t\t\t<div class=\"elementor-widget-container\">\n\t\t\t\t\t\t\t\t\t<div class=\"n module-type-header diyfeLiveArea \"><h2><span class=\"diyfeDecoration\">Tolles Training in w\u00f6chentlichen Gruppen<br \/><\/span><\/h2><\/div><div class=\"align-container imgleft\"><p>Wir treffen uns zu unterschiedlichen Themen und Trainingsschwerpunkten nahezu t\u00e4glich in Hoisdorf. Um unser gemeinsames Hobby nicht nur im Sommer sch\u00f6n und entspannt stattfinden zu lassen, entscheiden wir das ganze Jahr \u00fcber immer spontan, ob In- oder Outdoor trainiert wird.<\/p><p>Ganz gleich, ob man urspr\u00fcnglich mal wegen Verhaltensauff\u00e4lligkeiten oder einfach nur wegen der Grunderziehung des Hundes kam, hier finden die meisten so viel Spass am Unterricht, dass wir unsere Hunde langfristig zusammen in Gruppen trainieren und auslasten.<\/p><p>Zusammen macht es immer wieder Spass neue Aufgaben und Herausforderungen zu finden. So findet ein sehr netter Austausch statt und jeder bekommt neue Anregungen f\u00fcr seinen Hundealltag.<\/p><\/div>\t\t\t\t\t\t\t\t<\/div>\n\t\t\t\t<\/div>\n\t\t\t\t<div class=\"elementor-element elementor-element-d100445 elementor-widget elementor-widget-image\" data-id=\"d100445\" data-element_type=\"widget\" data-e-type=\"widget\" data-widget_type=\"image.default\">\n\t\t\t\t<div class=\"elementor-widget-container\">\n\t\t\t\t\t\t\t\t\t\t\t\t\t\t\t<img fetchpriority=\"high\" decoding=\"async\" width=\"960\" height=\"720\" src=\"https:\/\/www.melli4dogs.com\/training\/wp-content\/uploads\/2020\/08\/hunde.jpg\" class=\"attachment-large size-large wp-image-989\" alt=\"\" srcset=\"https:\/\/www.melli4dogs.com\/training\/wp-content\/uploads\/2020\/08\/hunde.jpg 960w, https:\/\/www.melli4dogs.com\/training\/wp-content\/uploads\/2020\/08\/hunde-300x225.jpg 300w, https:\/\/www.melli4dogs.com\/training\/wp-content\/uploads\/2020\/08\/hunde-768x576.jpg 768w\" sizes=\"(max-width: 960px) 100vw, 960px\" \/>\t\t\t\t\t\t\t\t\t\t\t\t\t\t\t<\/div>\n\t\t\t\t<\/div>\n\t\t\t\t<div class=\"elementor-element elementor-element-dec4871 elementor-widget elementor-widget-text-editor\" data-id=\"dec4871\" data-element_type=\"widget\" data-e-type=\"widget\" data-widget_type=\"text-editor.default\">\n\t\t\t\t<div class=\"elementor-widget-container\">\n\t\t\t\t\t\t\t\t\t<div><p>Wir f\u00f6rdern im Unterricht nicht nur das zuverl\u00e4ssige Verhalten Deines Hundes in vielerlei Hinsicht, sondern arbeiten mit jedem Hund ganz individuell an seinen St\u00e4rken und Schw\u00e4chen. Durch den regelm\u00e4\u00dfigen Austausch lernen wir stetig unsere Hunde und auch das soziale Verhalten der Hunde untereinander besser zu verstehen.<\/p><p>In ganzj\u00e4hrig stattfindendenden Gruppen haben wir t\u00e4glich viel Spass!<br \/>Im Sommer sind wir auf unserem schattigen <strong>Au\u00dfenplatz.<\/strong> Im Winter, hell und trocken, trainieren wir im 400 qm gro\u00dfen <strong>Indoorbereich<\/strong>, der \u00fcber gelenkfreundlichem Gummibodenbelag verf\u00fcgt und damit f\u00fcr jedes Training ausgestattet ist.<\/p><\/div>\t\t\t\t\t\t\t\t<\/div>\n\t\t\t\t<\/div>\n\t\t\t\t\t<\/div>\n\t\t<\/div>\n\t\t\t\t\t<\/div>\n\t\t<\/section>\n\t\t\t\t<\/div>\n\t\t","protected":false},"excerpt":{"rendered":"<p>Spa\u00df &amp; Besch\u00e4ftigung Tolles Training in w\u00f6chentlichen Gruppen Wir treffen uns zu unterschiedlichen Themen und Trainingsschwerpunkten nahezu t\u00e4glich in Hoisdorf. Um unser gemeinsames Hobby nicht nur im Sommer sch\u00f6n und entspannt stattfinden zu lassen, entscheiden wir das ganze Jahr \u00fcber immer spontan, ob In- oder Outdoor trainiert wird. Ganz gleich, ob man urspr\u00fcnglich mal wegen [&hellip;]<\/p>\n","protected":false},"author":1,"featured_media":0,"parent":303,"menu_order":0,"comment_status":"closed","ping_status":"closed","template":"","meta":{"ocean_post_layout":"","ocean_both_sidebars_style":"","ocean_both_sidebars_content_width":0,"ocean_both_sidebars_sidebars_width":0,"ocean_sidebar":"0","ocean_second_sidebar":"0","ocean_disable_margins":"enable","ocean_add_body_class":"","ocean_shortcode_before_top_bar":"","ocean_shortcode_after_top_bar":"","ocean_shortcode_before_header":"","ocean_shortcode_after_header":"","ocean_has_shortcode":"","ocean_shortcode_after_title":"","ocean_shortcode_before_footer_widgets":"","ocean_shortcode_after_footer_widgets":"","ocean_shortcode_before_footer_bottom":"","ocean_shortcode_after_footer_bottom":"","ocean_display_top_bar":"default","ocean_display_header":"default","ocean_header_style":"","ocean_center_header_left_menu":"0","ocean_custom_header_template":"0","ocean_custom_logo":0,"ocean_custom_retina_logo":0,"ocean_custom_logo_max_width":0,"ocean_custom_logo_tablet_max_width":0,"ocean_custom_logo_mobile_max_width":0,"ocean_custom_logo_max_height":0,"ocean_custom_logo_tablet_max_height":0,"ocean_custom_logo_mobile_max_height":0,"ocean_header_custom_menu":"0","ocean_menu_typo_font_family":"0","ocean_menu_typo_font_subset":"","ocean_menu_typo_font_size":0,"ocean_menu_typo_font_size_tablet":0,"ocean_menu_typo_font_size_mobile":0,"ocean_menu_typo_font_size_unit":"px","ocean_menu_typo_font_weight":"","ocean_menu_typo_font_weight_tablet":"","ocean_menu_typo_font_weight_mobile":"","ocean_menu_typo_transform":"","ocean_menu_typo_transform_tablet":"","ocean_menu_typo_transform_mobile":"","ocean_menu_typo_line_height":0,"ocean_menu_typo_line_height_tablet":0,"ocean_menu_typo_line_height_mobile":0,"ocean_menu_typo_line_height_unit":"","ocean_menu_typo_spacing":0,"ocean_menu_typo_spacing_tablet":0,"ocean_menu_typo_spacing_mobile":0,"ocean_menu_typo_spacing_unit":"","ocean_menu_link_color":"","ocean_menu_link_color_hover":"","ocean_menu_link_color_active":"","ocean_menu_link_background":"","ocean_menu_link_hover_background":"","ocean_menu_link_active_background":"","ocean_menu_social_links_bg":"","ocean_menu_social_hover_links_bg":"","ocean_menu_social_links_color":"","ocean_menu_social_hover_links_color":"","ocean_disable_title":"default","ocean_disable_heading":"default","ocean_post_title":"","ocean_post_subheading":"","ocean_post_title_style":"","ocean_post_title_background_color":"","ocean_post_title_background":0,"ocean_post_title_bg_image_position":"","ocean_post_title_bg_image_attachment":"","ocean_post_title_bg_image_repeat":"","ocean_post_title_bg_image_size":"","ocean_post_title_height":0,"ocean_post_title_bg_overlay":0.5,"ocean_post_title_bg_overlay_color":"","ocean_disable_breadcrumbs":"default","ocean_breadcrumbs_color":"","ocean_breadcrumbs_separator_color":"","ocean_breadcrumbs_links_color":"","ocean_breadcrumbs_links_hover_color":"","ocean_display_footer_widgets":"default","ocean_display_footer_bottom":"default","ocean_custom_footer_template":"0","footnotes":""},"class_list":["post-598","page","type-page","status-publish","hentry","entry","owp-thumbs-layout-horizontal","owp-btn-normal","owp-tabs-layout-horizontal","has-no-thumbnails","has-product-nav"],"jetpack_sharing_enabled":true,"_links":{"self":[{"href":"https:\/\/www.melli4dogs.com\/training\/wp-json\/wp\/v2\/pages\/598","targetHints":{"allow":["GET"]}}],"collection":[{"href":"https:\/\/www.melli4dogs.com\/training\/wp-json\/wp\/v2\/pages"}],"about":[{"href":"https:\/\/www.melli4dogs.com\/training\/wp-json\/wp\/v2\/types\/page"}],"author":[{"embeddable":true,"href":"https:\/\/www.melli4dogs.com\/training\/wp-json\/wp\/v2\/users\/1"}],"replies":[{"embeddable":true,"href":"https:\/\/www.melli4dogs.com\/training\/wp-json\/wp\/v2\/comments?post=598"}],"version-history":[{"count":27,"href":"https:\/\/www.melli4dogs.com\/training\/wp-json\/wp\/v2\/pages\/598\/revisions"}],"predecessor-version":[{"id":2422,"href":"https:\/\/www.melli4dogs.com\/training\/wp-json\/wp\/v2\/pages\/598\/revisions\/2422"}],"up":[{"embeddable":true,"href":"https:\/\/www.melli4dogs.com\/training\/wp-json\/wp\/v2\/pages\/303"}],"wp:attachment":[{"href":"https:\/\/www.melli4dogs.com\/training\/wp-json\/wp\/v2\/media?parent=598"}],"curies":[{"name":"wp","href":"https:\/\/api.w.org\/{rel}","templated":true}]}}