{"id":2969,"date":"2021-07-16T16:08:50","date_gmt":"2021-07-16T14:08:50","guid":{"rendered":"https:\/\/www.melli4dogs.com\/training\/?post_type=product&#038;p=2969"},"modified":"2026-03-21T19:21:34","modified_gmt":"2026-03-21T18:21:34","slug":"dogdance-seminar","status":"publish","type":"product","link":"https:\/\/www.melli4dogs.com\/training\/produkt\/dogdance-seminar\/","title":{"rendered":"Dogdance Seminar in Hoisdorf 06.\/07. Juni 2026"},"content":{"rendered":"\t\t<div data-elementor-type=\"product-post\" data-elementor-id=\"2969\" class=\"elementor elementor-2969\" data-elementor-post-type=\"product\">\n\t\t\t\t\t\t<section class=\"elementor-section elementor-top-section elementor-element elementor-element-3e7844f elementor-section-boxed elementor-section-height-default elementor-section-height-default\" data-id=\"3e7844f\" data-element_type=\"section\" data-e-type=\"section\">\n\t\t\t\t\t\t<div class=\"elementor-container elementor-column-gap-default\">\n\t\t\t\t\t<div class=\"elementor-column elementor-col-100 elementor-top-column elementor-element elementor-element-3310ca0\" data-id=\"3310ca0\" data-element_type=\"column\" data-e-type=\"column\">\n\t\t\t<div class=\"elementor-widget-wrap elementor-element-populated\">\n\t\t\t\t\t\t<div class=\"elementor-element elementor-element-cda37b3 elementor-widget elementor-widget-text-editor\" data-id=\"cda37b3\" data-element_type=\"widget\" data-e-type=\"widget\" data-widget_type=\"text-editor.default\">\n\t\t\t\t<div class=\"elementor-widget-container\">\n\t\t\t\t\t\t\t\t\t<p>Da es uns am wichtigsten ist, bei der Besch\u00e4ftigung unserer Hunde, gemeinsam Spa\u00df zu haben, lieben wir Dogdance.<\/p><p>Bei diesem kreativen Hundesport werden Kopf und K\u00f6rper gefordert und das gemeinsame Lernen zur Musik, macht enorm viel Freude!<\/p><p>Ob jung oder alt, klein oder gro\u00df, Hunde k\u00f6nnen jederzeit mit dieser vielf\u00e4ltigen Besch\u00e4ftigung beginnen.<\/p>\t\t\t\t\t\t\t\t<\/div>\n\t\t\t\t<\/div>\n\t\t\t\t\t<\/div>\n\t\t<\/div>\n\t\t\t\t\t<\/div>\n\t\t<\/section>\n\t\t\t\t<\/div>\n\t\t","protected":false},"excerpt":{"rendered":"<p>Lasst uns gemeinsam die Tricks bestm\u00f6glich aufbauen und jede Menge Freude am Dogdance erleben!<\/p>\n<p>Seit \u00fcber 16 Jahren lebe und liebe ich Dogdance \u2013 als Trainerin, aktive T\u00e4nzerin und kreativer Kopf f\u00fcr Mensch-Hund-Teams.<\/p>\n<p>In diesem Seminar teile ich mein Wissen aus unz\u00e4hligen Turnieren, Shows und Trainingsstunden mit dir. Gemeinsam feilen wir an \u00dcberg\u00e4ngen und schaffen mit Leichtigkeit einen genialen Trickaufbau f\u00fcr deine n\u00e4chsten Pl\u00e4ne. Mit Ausdruck und Leichtigkeit wird aus Tricktraining echter Tanz. \ud83d\udc83\ud83d\udc3e<\/p>\n<p>Lass uns dein Dogdance-Training aufs n\u00e4chste Level bringen! \u2728<br \/>\nEgal ob ihr bereits Erfahrung im Dogdance habt oder es gerne kennenlernen m\u00f6chtet, ich freue mich auf Einsteiger und Fortgeschrittene, die mit ihren Hunden ein noch besseres Team werden m\u00f6chten.<\/p>\n<p><strong>Wann?<\/strong><br \/>\nSa. 06. und So. 07.06.2025 (10:00-16:30 Uhr)<\/p>\n<p><strong>Wo?<br \/>\n<\/strong>Melli\u00b4s Trainingshalle (Dorfstra\u00dfe 24, 22955 Hoisdorf)<\/p>\n","protected":false},"featured_media":5844,"template":"","meta":{"ocean_post_layout":"","ocean_both_sidebars_style":"","ocean_both_sidebars_content_width":0,"ocean_both_sidebars_sidebars_width":0,"ocean_sidebar":"0","ocean_second_sidebar":"0","ocean_disable_margins":"enable","ocean_add_body_class":"","ocean_shortcode_before_top_bar":"","ocean_shortcode_after_top_bar":"","ocean_shortcode_before_header":"","ocean_shortcode_after_header":"","ocean_has_shortcode":"","ocean_shortcode_after_title":"","ocean_shortcode_before_footer_widgets":"","ocean_shortcode_after_footer_widgets":"","ocean_shortcode_before_footer_bottom":"","ocean_shortcode_after_footer_bottom":"","ocean_display_top_bar":"default","ocean_display_header":"default","ocean_header_style":"","ocean_center_header_left_menu":"0","ocean_custom_header_template":"0","ocean_custom_logo":0,"ocean_custom_retina_logo":0,"ocean_custom_logo_max_width":0,"ocean_custom_logo_tablet_max_width":0,"ocean_custom_logo_mobile_max_width":0,"ocean_custom_logo_max_height":0,"ocean_custom_logo_tablet_max_height":0,"ocean_custom_logo_mobile_max_height":0,"ocean_header_custom_menu":"0","ocean_menu_typo_font_family":"0","ocean_menu_typo_font_subset":"","ocean_menu_typo_font_size":0,"ocean_menu_typo_font_size_tablet":0,"ocean_menu_typo_font_size_mobile":0,"ocean_menu_typo_font_size_unit":"px","ocean_menu_typo_font_weight":"","ocean_menu_typo_font_weight_tablet":"","ocean_menu_typo_font_weight_mobile":"","ocean_menu_typo_transform":"","ocean_menu_typo_transform_tablet":"","ocean_menu_typo_transform_mobile":"","ocean_menu_typo_line_height":0,"ocean_menu_typo_line_height_tablet":0,"ocean_menu_typo_line_height_mobile":0,"ocean_menu_typo_line_height_unit":"","ocean_menu_typo_spacing":0,"ocean_menu_typo_spacing_tablet":0,"ocean_menu_typo_spacing_mobile":0,"ocean_menu_typo_spacing_unit":"","ocean_menu_link_color":"","ocean_menu_link_color_hover":"","ocean_menu_link_color_active":"","ocean_menu_link_background":"","ocean_menu_link_hover_background":"","ocean_menu_link_active_background":"","ocean_menu_social_links_bg":"","ocean_menu_social_hover_links_bg":"","ocean_menu_social_links_color":"","ocean_menu_social_hover_links_color":"","ocean_disable_title":"default","ocean_disable_heading":"default","ocean_post_title":"","ocean_post_subheading":"","ocean_post_title_style":"","ocean_post_title_background_color":"","ocean_post_title_background":0,"ocean_post_title_bg_image_position":"","ocean_post_title_bg_image_attachment":"","ocean_post_title_bg_image_repeat":"","ocean_post_title_bg_image_size":"","ocean_post_title_height":0,"ocean_post_title_bg_overlay":0.5,"ocean_post_title_bg_overlay_color":"","ocean_disable_breadcrumbs":"default","ocean_breadcrumbs_color":"","ocean_breadcrumbs_separator_color":"","ocean_breadcrumbs_links_color":"","ocean_breadcrumbs_links_hover_color":"","ocean_display_footer_widgets":"default","ocean_display_footer_bottom":"default","ocean_custom_footer_template":"0"},"product_brand":[],"product_cat":[23],"product_tag":[],"class_list":{"0":"post-2969","1":"product","2":"type-product","3":"status-publish","4":"has-post-thumbnail","6":"product_cat-seminare","8":"entry","9":"has-media","11":"first","12":"outofstock","13":"sale","14":"taxable","15":"shipping-taxable","16":"purchasable","17":"product-type-simple","18":"has-product-nav","19":"col","20":"span_1_of_3","21":"owp-content-center","22":"owp-thumbs-layout-horizontal","23":"owp-btn-normal","24":"owp-tabs-layout-horizontal"},"jetpack_sharing_enabled":true,"_links":{"self":[{"href":"https:\/\/www.melli4dogs.com\/training\/wp-json\/wp\/v2\/product\/2969","targetHints":{"allow":["GET"]}}],"collection":[{"href":"https:\/\/www.melli4dogs.com\/training\/wp-json\/wp\/v2\/product"}],"about":[{"href":"https:\/\/www.melli4dogs.com\/training\/wp-json\/wp\/v2\/types\/product"}],"version-history":[{"count":18,"href":"https:\/\/www.melli4dogs.com\/training\/wp-json\/wp\/v2\/product\/2969\/revisions"}],"predecessor-version":[{"id":5841,"href":"https:\/\/www.melli4dogs.com\/training\/wp-json\/wp\/v2\/product\/2969\/revisions\/5841"}],"wp:featuredmedia":[{"embeddable":true,"href":"https:\/\/www.melli4dogs.com\/training\/wp-json\/wp\/v2\/media\/5844"}],"wp:attachment":[{"href":"https:\/\/www.melli4dogs.com\/training\/wp-json\/wp\/v2\/media?parent=2969"}],"wp:term":[{"taxonomy":"product_brand","embeddable":true,"href":"https:\/\/www.melli4dogs.com\/training\/wp-json\/wp\/v2\/product_brand?post=2969"},{"taxonomy":"product_cat","embeddable":true,"href":"https:\/\/www.melli4dogs.com\/training\/wp-json\/wp\/v2\/product_cat?post=2969"},{"taxonomy":"product_tag","embeddable":true,"href":"https:\/\/www.melli4dogs.com\/training\/wp-json\/wp\/v2\/product_tag?post=2969"}],"curies":[{"name":"wp","href":"https:\/\/api.w.org\/{rel}","templated":true}]}}