{"id":5881,"date":"2025-11-26T01:42:35","date_gmt":"2025-11-26T00:42:35","guid":{"rendered":"https:\/\/www.melli4dogs.com\/training\/?post_type=product&#038;p=5881"},"modified":"2025-12-18T18:00:18","modified_gmt":"2025-12-18T17:00:18","slug":"escape-room-mit-hund","status":"publish","type":"product","link":"https:\/\/www.melli4dogs.com\/training\/produkt\/escape-room-mit-hund\/","title":{"rendered":"Escape Room mit Hund"},"content":{"rendered":"\t\t<div data-elementor-type=\"product-post\" data-elementor-id=\"5881\" class=\"elementor elementor-5881\" data-elementor-post-type=\"product\">\n\t\t\t\t\t\t<section class=\"elementor-section elementor-top-section elementor-element elementor-element-1aa7972e elementor-section-boxed elementor-section-height-default elementor-section-height-default\" data-id=\"1aa7972e\" data-element_type=\"section\" data-e-type=\"section\">\n\t\t\t\t\t\t<div class=\"elementor-container elementor-column-gap-default\">\n\t\t\t\t\t<div class=\"elementor-column elementor-col-100 elementor-top-column elementor-element elementor-element-63af9e73\" data-id=\"63af9e73\" data-element_type=\"column\" data-e-type=\"column\">\n\t\t\t<div class=\"elementor-widget-wrap elementor-element-populated\">\n\t\t\t\t\t\t<div class=\"elementor-element elementor-element-6d28a645 elementor-widget elementor-widget-text-editor\" data-id=\"6d28a645\" data-element_type=\"widget\" data-e-type=\"widget\" data-widget_type=\"text-editor.default\">\n\t\t\t\t<div class=\"elementor-widget-container\">\n\t\t\t\t\t\t\t\t\t<p data-start=\"403\" data-end=\"469\"><strong data-start=\"403\" data-end=\"469\">ESCAPE GAME MIT HUND \u2013 BIST DU BEREIT F\u00dcR DAS WEIHNACHTSCHAOS?<\/strong><\/p><p data-start=\"471\" data-end=\"665\">Zwischen dem 13. und 23. Dezember wird es in meiner Hundeschule nicht besinnlich.<br data-start=\"552\" data-end=\"555\" \/>Es wird d\u00fcster. Wild. R\u00e4tselhaft.<br data-start=\"588\" data-end=\"591\" \/>Und nur Mensch &amp; Hund gemeinsam k\u00f6nnen das Licht zur\u00fcck in die Welt holen.<br \/>Ihr k\u00f6nnt mit der ganzen Familie oder gemeinsam mit euren Hundefreunden zum Spiel antreten,<br \/>maximal k\u00f6nnen jedoch 6 Menschen und 6 Hunde das Spiel zusammen absolvieren.<\/p><p data-start=\"667\" data-end=\"1001\">In einem geheimen Labor pulsiert noch ein letzter Funken Weihnachtsmagie \u2013<br data-start=\"741\" data-end=\"744\" \/>doch er ist verschlossen hinter acht Pr\u00fcfungen, kniffligen Aufgaben und jeder Menge Chaos.<br data-start=\"834\" data-end=\"837\" \/>Die Zeit l\u00e4uft\u2026<\/p><p><strong>Was dich erwartet:<\/strong><\/p><p>\u2022 Ein winterliches Escape Game in meiner Indoor-Halle<br data-start=\"1328\" data-end=\"1331\" \/>\u2022 abwechslungsreiche und storybasierte Team-Aufgaben<br data-start=\"1385\" data-end=\"1388\" \/>\u2022 max. 6 Mensch-Hund-Teams pro Termin (Preis bleibt gleich unabh\u00e4ngig der Teilnehmerzahl)<br data-start=\"1422\" data-end=\"1425\" \/>\u2022 45 Minuten Spielzeit + 10 Minuten Einweisung<br data-start=\"1471\" data-end=\"1474\" \/>\u2022 Adrenalin, Lachen, Spannung \u2013 und ein Finale, das man nicht vergisst<\/p><p data-start=\"1077\" data-end=\"1168\">Nur wenn du deinem Hund vertraust \u2013<br data-start=\"1112\" data-end=\"1115\" \/>und dein Hund dir \u2013<br data-start=\"1134\" data-end=\"1137\" \/>\u00f6ffnet sich das n\u00e4chste R\u00e4tsel.<\/p><p data-start=\"1170\" data-end=\"1466\">Zwischen dem <strong data-start=\"1183\" data-end=\"1207\">13. und 23. Dezember<\/strong> kannst du euren Wochenend-Termin im Escape Room buchen.<br data-start=\"1238\" data-end=\"1241\" \/>Ob allein, mit Freunden oder als Gruppe (bis zu 6 Mensch-Hund-Teams)\u00a0<br data-start=\"1326\" data-end=\"1329\" \/>Keine Vorkenntnisse, aber Bock auf Abenteuer? Perfekt.<br data-start=\"1383\" data-end=\"1386\" \/>Hier geht\u2019s nicht um Gehorsam.<br data-start=\"1416\" data-end=\"1419\" \/>Hier geht\u2019s um Teamwork.<\/p><p data-start=\"1468\" data-end=\"1582\"><strong data-start=\"1468\" data-end=\"1487\">Bist du bereit?<\/strong><br data-start=\"1487\" data-end=\"1490\" \/>Dann schnapp dir deinen Hund und vielleicht noch ne Freundin oder gleich ein paar mehr davon \ud83d\ude09 und buche euren Termin direkt hier.<br \/>Wenn du einen Termin anfragen m\u00f6chtest, der hier nicht verf\u00fcgbar ist, schreib mich gern an.<\/p>\t\t\t\t\t\t\t\t<\/div>\n\t\t\t\t<\/div>\n\t\t\t\t\t<\/div>\n\t\t<\/div>\n\t\t\t\t\t<\/div>\n\t\t<\/section>\n\t\t\t\t<section class=\"elementor-section elementor-top-section elementor-element elementor-element-d26fe52 elementor-section-boxed elementor-section-height-default elementor-section-height-default\" data-id=\"d26fe52\" data-element_type=\"section\" data-e-type=\"section\">\n\t\t\t\t\t\t<div class=\"elementor-container elementor-column-gap-default\">\n\t\t\t\t\t<div class=\"elementor-column elementor-col-100 elementor-top-column elementor-element elementor-element-6f52e03\" data-id=\"6f52e03\" data-element_type=\"column\" data-e-type=\"column\">\n\t\t\t<div class=\"elementor-widget-wrap elementor-element-populated\">\n\t\t\t\t\t\t<div class=\"elementor-element elementor-element-3716ffb elementor-align-center elementor-widget elementor-widget-button\" data-id=\"3716ffb\" data-element_type=\"widget\" data-e-type=\"widget\" data-widget_type=\"button.default\">\n\t\t\t\t<div class=\"elementor-widget-container\">\n\t\t\t\t\t\t\t\t\t<div class=\"elementor-button-wrapper\">\n\t\t\t\t\t<a class=\"elementor-button elementor-button-link elementor-size-sm\" href=\"https:\/\/www.melli4dogs.com\/training\/live-training\/anfahrt\/\">\n\t\t\t\t\t\t<span class=\"elementor-button-content-wrapper\">\n\t\t\t\t\t\t\t\t\t<span class=\"elementor-button-text\">Anfahrt Hundeschule Hoisdorf<\/span>\n\t\t\t\t\t<\/span>\n\t\t\t\t\t<\/a>\n\t\t\t\t<\/div>\n\t\t\t\t\t\t\t\t<\/div>\n\t\t\t\t<\/div>\n\t\t\t\t<div class=\"elementor-element elementor-element-e3245dc elementor-widget-divider--view-line elementor-widget elementor-widget-divider\" data-id=\"e3245dc\" data-element_type=\"widget\" data-e-type=\"widget\" data-widget_type=\"divider.default\">\n\t\t\t\t<div class=\"elementor-widget-container\">\n\t\t\t\t\t\t\t<div class=\"elementor-divider\">\n\t\t\t<span class=\"elementor-divider-separator\">\n\t\t\t\t\t\t<\/span>\n\t\t<\/div>\n\t\t\t\t\t\t<\/div>\n\t\t\t\t<\/div>\n\t\t\t\t\t<\/div>\n\t\t<\/div>\n\t\t\t\t\t<\/div>\n\t\t<\/section>\n\t\t\t\t<\/div>\n\t\t","protected":false},"excerpt":{"rendered":"<p>ESCAPE GAME MIT HUND \u2013 BIST DU BEREIT F\u00dcR DAS WEIHNACHTSCHAOS? Zwischen dem 13. und 23. Dezember wird es in meiner Hundeschule nicht besinnlich.Es wird d\u00fcster. Wild. R\u00e4tselhaft.Und nur Mensch &amp; Hund gemeinsam k\u00f6nnen das Licht zur\u00fcck in die Welt holen. Ihr k\u00f6nnt mit der ganzen Familie oder gemeinsam mit euren Hundefreunden zum Spiel antreten, [&hellip;]<\/p>\n","protected":false},"featured_media":5891,"template":"","meta":{"ocean_post_layout":"","ocean_both_sidebars_style":"","ocean_both_sidebars_content_width":0,"ocean_both_sidebars_sidebars_width":0,"ocean_sidebar":"0","ocean_second_sidebar":"0","ocean_disable_margins":"enable","ocean_add_body_class":"","ocean_shortcode_before_top_bar":"","ocean_shortcode_after_top_bar":"","ocean_shortcode_before_header":"","ocean_shortcode_after_header":"","ocean_has_shortcode":"","ocean_shortcode_after_title":"","ocean_shortcode_before_footer_widgets":"","ocean_shortcode_after_footer_widgets":"","ocean_shortcode_before_footer_bottom":"","ocean_shortcode_after_footer_bottom":"","ocean_display_top_bar":"default","ocean_display_header":"default","ocean_header_style":"","ocean_center_header_left_menu":"0","ocean_custom_header_template":"0","ocean_custom_logo":0,"ocean_custom_retina_logo":0,"ocean_custom_logo_max_width":0,"ocean_custom_logo_tablet_max_width":0,"ocean_custom_logo_mobile_max_width":0,"ocean_custom_logo_max_height":0,"ocean_custom_logo_tablet_max_height":0,"ocean_custom_logo_mobile_max_height":0,"ocean_header_custom_menu":"0","ocean_menu_typo_font_family":"0","ocean_menu_typo_font_subset":"","ocean_menu_typo_font_size":0,"ocean_menu_typo_font_size_tablet":0,"ocean_menu_typo_font_size_mobile":0,"ocean_menu_typo_font_size_unit":"px","ocean_menu_typo_font_weight":"","ocean_menu_typo_font_weight_tablet":"","ocean_menu_typo_font_weight_mobile":"","ocean_menu_typo_transform":"","ocean_menu_typo_transform_tablet":"","ocean_menu_typo_transform_mobile":"","ocean_menu_typo_line_height":0,"ocean_menu_typo_line_height_tablet":0,"ocean_menu_typo_line_height_mobile":0,"ocean_menu_typo_line_height_unit":"","ocean_menu_typo_spacing":0,"ocean_menu_typo_spacing_tablet":0,"ocean_menu_typo_spacing_mobile":0,"ocean_menu_typo_spacing_unit":"","ocean_menu_link_color":"","ocean_menu_link_color_hover":"","ocean_menu_link_color_active":"","ocean_menu_link_background":"","ocean_menu_link_hover_background":"","ocean_menu_link_active_background":"","ocean_menu_social_links_bg":"","ocean_menu_social_hover_links_bg":"","ocean_menu_social_links_color":"","ocean_menu_social_hover_links_color":"","ocean_disable_title":"default","ocean_disable_heading":"default","ocean_post_title":"","ocean_post_subheading":"","ocean_post_title_style":"","ocean_post_title_background_color":"","ocean_post_title_background":0,"ocean_post_title_bg_image_position":"","ocean_post_title_bg_image_attachment":"","ocean_post_title_bg_image_repeat":"","ocean_post_title_bg_image_size":"","ocean_post_title_height":0,"ocean_post_title_bg_overlay":0.5,"ocean_post_title_bg_overlay_color":"","ocean_disable_breadcrumbs":"default","ocean_breadcrumbs_color":"","ocean_breadcrumbs_separator_color":"","ocean_breadcrumbs_links_color":"","ocean_breadcrumbs_links_hover_color":"","ocean_display_footer_widgets":"default","ocean_display_footer_bottom":"default","ocean_custom_footer_template":"0"},"product_brand":[],"product_cat":[22],"product_tag":[],"class_list":{"0":"post-5881","1":"product","2":"type-product","3":"status-publish","4":"has-post-thumbnail","6":"product_cat-workshops","8":"entry","9":"has-media","11":"first","12":"instock","13":"taxable","14":"shipping-taxable","15":"purchasable","16":"product-type-variable","17":"has-product-nav","18":"col","19":"span_1_of_3","20":"owp-content-center","21":"owp-thumbs-layout-horizontal","22":"owp-btn-normal","23":"owp-tabs-layout-horizontal","24":"has-no-thumbnails"},"jetpack_sharing_enabled":true,"_links":{"self":[{"href":"https:\/\/www.melli4dogs.com\/training\/wp-json\/wp\/v2\/product\/5881","targetHints":{"allow":["GET"]}}],"collection":[{"href":"https:\/\/www.melli4dogs.com\/training\/wp-json\/wp\/v2\/product"}],"about":[{"href":"https:\/\/www.melli4dogs.com\/training\/wp-json\/wp\/v2\/types\/product"}],"version-history":[{"count":13,"href":"https:\/\/www.melli4dogs.com\/training\/wp-json\/wp\/v2\/product\/5881\/revisions"}],"predecessor-version":[{"id":5942,"href":"https:\/\/www.melli4dogs.com\/training\/wp-json\/wp\/v2\/product\/5881\/revisions\/5942"}],"wp:featuredmedia":[{"embeddable":true,"href":"https:\/\/www.melli4dogs.com\/training\/wp-json\/wp\/v2\/media\/5891"}],"wp:attachment":[{"href":"https:\/\/www.melli4dogs.com\/training\/wp-json\/wp\/v2\/media?parent=5881"}],"wp:term":[{"taxonomy":"product_brand","embeddable":true,"href":"https:\/\/www.melli4dogs.com\/training\/wp-json\/wp\/v2\/product_brand?post=5881"},{"taxonomy":"product_cat","embeddable":true,"href":"https:\/\/www.melli4dogs.com\/training\/wp-json\/wp\/v2\/product_cat?post=5881"},{"taxonomy":"product_tag","embeddable":true,"href":"https:\/\/www.melli4dogs.com\/training\/wp-json\/wp\/v2\/product_tag?post=5881"}],"curies":[{"name":"wp","href":"https:\/\/api.w.org\/{rel}","templated":true}]}}